{"id":80,"date":"2025-04-22T19:50:39","date_gmt":"2025-04-22T16:50:39","guid":{"rendered":"http:\/\/de-co.com.tr\/?page_id=80"},"modified":"2025-04-24T11:11:47","modified_gmt":"2025-04-24T08:11:47","slug":"kurumsal","status":"publish","type":"page","link":"https:\/\/de-co.com.tr\/index.php\/kurumsal\/","title":{"rendered":"Kurumsal"},"content":{"rendered":"\t\t<div data-elementor-type=\"wp-page\" data-elementor-id=\"80\" class=\"elementor elementor-80\">\n\t\t\t\t\t\t<section class=\"elementor-section elementor-top-section elementor-element elementor-element-0af5263 elementor-section-boxed elementor-section-height-default elementor-section-height-default\" data-id=\"0af5263\" data-element_type=\"section\" data-settings=\"{&quot;background_background&quot;:&quot;classic&quot;}\">\n\t\t\t\t\t\t<div class=\"elementor-container elementor-column-gap-default\">\n\t\t\t\t\t<div class=\"elementor-column elementor-col-100 elementor-top-column elementor-element elementor-element-bc3cae4\" data-id=\"bc3cae4\" data-element_type=\"column\">\n\t\t\t<div class=\"elementor-widget-wrap elementor-element-populated\">\n\t\t\t\t\t\t<div class=\"elementor-element elementor-element-b96ae78 elementor-widget elementor-widget-spacer\" data-id=\"b96ae78\" data-element_type=\"widget\" data-widget_type=\"spacer.default\">\n\t\t\t\t<div class=\"elementor-widget-container\">\n\t\t\t\t\t\t\t<div class=\"elementor-spacer\">\n\t\t\t<div class=\"elementor-spacer-inner\"><\/div>\n\t\t<\/div>\n\t\t\t\t\t\t<\/div>\n\t\t\t\t<\/div>\n\t\t\t\t<div class=\"elementor-element elementor-element-866d5e9 elementor-widget elementor-widget-heading\" data-id=\"866d5e9\" data-element_type=\"widget\" data-widget_type=\"heading.default\">\n\t\t\t\t<div class=\"elementor-widget-container\">\n\t\t\t\t\t<h2 class=\"elementor-heading-title elementor-size-default\">Kurumsal<\/h2>\t\t\t\t<\/div>\n\t\t\t\t<\/div>\n\t\t\t\t<div class=\"elementor-element elementor-element-02a001c elementor-widget elementor-widget-text-editor\" data-id=\"02a001c\" data-element_type=\"widget\" data-widget_type=\"text-editor.default\">\n\t\t\t\t<div class=\"elementor-widget-container\">\n\t\t\t\t\t\t\t\t\t<p>Ana Sayfa \u2192 Kurumsal<\/p>\t\t\t\t\t\t\t\t<\/div>\n\t\t\t\t<\/div>\n\t\t\t\t\t<\/div>\n\t\t<\/div>\n\t\t\t\t\t<\/div>\n\t\t<\/section>\n\t\t\t\t<section class=\"elementor-section elementor-top-section elementor-element elementor-element-867ce19 elementor-section-boxed elementor-section-height-default elementor-section-height-default\" data-id=\"867ce19\" data-element_type=\"section\">\n\t\t\t\t\t\t<div class=\"elementor-container elementor-column-gap-default\">\n\t\t\t\t\t<div class=\"elementor-column elementor-col-100 elementor-top-column elementor-element elementor-element-159f977\" data-id=\"159f977\" data-element_type=\"column\">\n\t\t\t<div class=\"elementor-widget-wrap elementor-element-populated\">\n\t\t\t\t\t\t<div class=\"elementor-element elementor-element-939f84d elementor-widget elementor-widget-heading\" data-id=\"939f84d\" data-element_type=\"widget\" data-widget_type=\"heading.default\">\n\t\t\t\t<div class=\"elementor-widget-container\">\n\t\t\t\t\t<h2 class=\"elementor-heading-title elementor-size-default\">HAKKIMIZDA<\/h2>\t\t\t\t<\/div>\n\t\t\t\t<\/div>\n\t\t\t\t\t<\/div>\n\t\t<\/div>\n\t\t\t\t\t<\/div>\n\t\t<\/section>\n\t\t\t\t<section class=\"elementor-section elementor-top-section elementor-element elementor-element-a0f95f5 elementor-section-boxed elementor-section-height-default elementor-section-height-default\" data-id=\"a0f95f5\" data-element_type=\"section\">\n\t\t\t\t\t\t<div class=\"elementor-container elementor-column-gap-default\">\n\t\t\t\t\t<div class=\"elementor-column elementor-col-100 elementor-top-column elementor-element elementor-element-81e4723\" data-id=\"81e4723\" data-element_type=\"column\">\n\t\t\t<div class=\"elementor-widget-wrap elementor-element-populated\">\n\t\t\t\t\t\t<div class=\"elementor-element elementor-element-18c9945 elementor-widget elementor-widget-text-editor\" data-id=\"18c9945\" data-element_type=\"widget\" data-widget_type=\"text-editor.default\">\n\t\t\t\t<div class=\"elementor-widget-container\">\n\t\t\t\t\t\t\t\t\t<p>DE-CO \u0130n\u015faat olarak 5 y\u0131l\u0131 a\u015fk\u0131n s\u00fcredir in\u015faat sekt\u00f6r\u00fcnde faaliyet g\u00f6steriyor, kamu ve \u00f6zel sekt\u00f6r projelerinde g\u00fcvenilir \u00e7\u00f6z\u00fcm orta\u011f\u0131 olman\u0131n gururunu ya\u015f\u0131yoruz. Kurulu\u015fumuzdan bu yana kalite, g\u00fcven ve s\u00fcrd\u00fcr\u00fclebilirlik ilkeleriyle hareket ederek, hem nitelikli yap\u0131lar in\u015fa ettik hem de sekt\u00f6rde fark yaratan uygulamalara imza att\u0131k.<\/p><p>Uzman kadromuz ve g\u00fc\u00e7l\u00fc altyap\u0131m\u0131z ile bug\u00fcne kadar T\u00fcrkiye\u2019nin d\u00f6rt bir yan\u0131nda; e\u011fitim kurumlar\u0131, oteller, havaalanlar\u0131, kamu binalar\u0131, sosyal tesisler ve end\u00fcstriyel yap\u0131lar gibi bir\u00e7ok projeyi ba\u015far\u0131yla tamamlad\u0131k. Projelerimiz aras\u0131nda Gaziantep Havaliman\u0131 Terminal Binas\u0131, \u0130zmir\u2019de 8 okulun ikmal i\u015fleri, T\u00fcrkiye Finans Ar\u015fiv Deposu, Batman Meydan Projesi ve K\u0131r\u0131kkale Jandarma Komutanl\u0131\u011f\u0131 gibi \u00f6nemli yap\u0131lar yer almaktad\u0131r.<\/p><p>Anahtar teslim kaba ve ince in\u015faat i\u015fleri ba\u015fta olmak \u00fczere, betonarme kal\u0131p-demir i\u015fleri, cephe kaplama, i\u00e7 mek\u00e2n tadilatlar\u0131 ve kapsaml\u0131 ikmal i\u015fleri alanlar\u0131nda hizmet sunuyoruz. Y\u00fcksek b\u00fct\u00e7eli projelerdeki deneyimimiz ve i\u015fimize duydu\u011fumuz sayg\u0131yla, her projemizi titizlikle ve zaman\u0131nda tamaml\u0131yoruz.<\/p><p>DE-CO \u0130n\u015faat olarak hedefimiz; \u00fclkemizin yap\u0131 kalitesini y\u00fckseltmek, i\u015f ortaklar\u0131m\u0131za katma de\u011fer sunmak ve sekt\u00f6rde \u00f6nc\u00fc firmalar aras\u0131nda kal\u0131c\u0131 bir yer edinmektir.<\/p>\t\t\t\t\t\t\t\t<\/div>\n\t\t\t\t<\/div>\n\t\t\t\t\t<\/div>\n\t\t<\/div>\n\t\t\t\t\t<\/div>\n\t\t<\/section>\n\t\t\t\t<\/div>\n\t\t","protected":false},"excerpt":{"rendered":"<p>Kurumsal Ana Sayfa \u2192 Kurumsal HAKKIMIZDA DE-CO \u0130n\u015faat olarak 5 y\u0131l\u0131 a\u015fk\u0131n s\u00fcredir in\u015faat sekt\u00f6r\u00fcnde faaliyet g\u00f6steriyor, kamu ve \u00f6zel [&hellip;]<\/p>\n","protected":false},"author":1,"featured_media":0,"parent":0,"menu_order":0,"comment_status":"closed","ping_status":"closed","template":"elementor_header_footer","meta":{"site-sidebar-layout":"no-sidebar","site-content-layout":"","ast-site-content-layout":"full-width-container","site-content-style":"default","site-sidebar-style":"default","ast-global-header-display":"","ast-banner-title-visibility":"","ast-main-header-display":"","ast-hfb-above-header-display":"","ast-hfb-below-header-display":"","ast-hfb-mobile-header-display":"","site-post-title":"disabled","ast-breadcrumbs-content":"","ast-featured-img":"disabled","footer-sml-layout":"","theme-transparent-header-meta":"","adv-header-id-meta":"","stick-header-meta":"","header-above-stick-meta":"","header-main-stick-meta":"","header-below-stick-meta":"","astra-migrate-meta-layouts":"default","ast-page-background-enabled":"default","ast-page-background-meta":{"desktop":{"background-color":"var(--ast-global-color-5)","background-image":"","background-repeat":"repeat","background-position":"center center","background-size":"auto","background-attachment":"scroll","background-type":"","background-media":"","overlay-type":"","overlay-color":"","overlay-opacity":"","overlay-gradient":""},"tablet":{"background-color":"","background-image":"","background-repeat":"repeat","background-position":"center center","background-size":"auto","background-attachment":"scroll","background-type":"","background-media":"","overlay-type":"","overlay-color":"","overlay-opacity":"","overlay-gradient":""},"mobile":{"background-color":"","background-image":"","background-repeat":"repeat","background-position":"center center","background-size":"auto","background-attachment":"scroll","background-type":"","background-media":"","overlay-type":"","overlay-color":"","overlay-opacity":"","overlay-gradient":""}},"ast-content-background-meta":{"desktop":{"background-color":"var(--ast-global-color-4)","background-image":"","background-repeat":"repeat","background-position":"center center","background-size":"auto","background-attachment":"scroll","background-type":"","background-media":"","overlay-type":"","overlay-color":"","overlay-opacity":"","overlay-gradient":""},"tablet":{"background-color":"var(--ast-global-color-4)","background-image":"","background-repeat":"repeat","background-position":"center center","background-size":"auto","background-attachment":"scroll","background-type":"","background-media":"","overlay-type":"","overlay-color":"","overlay-opacity":"","overlay-gradient":""},"mobile":{"background-color":"var(--ast-global-color-4)","background-image":"","background-repeat":"repeat","background-position":"center center","background-size":"auto","background-attachment":"scroll","background-type":"","background-media":"","overlay-type":"","overlay-color":"","overlay-opacity":"","overlay-gradient":""}},"footnotes":""},"class_list":["post-80","page","type-page","status-publish","hentry"],"_links":{"self":[{"href":"https:\/\/de-co.com.tr\/index.php\/wp-json\/wp\/v2\/pages\/80","targetHints":{"allow":["GET"]}}],"collection":[{"href":"https:\/\/de-co.com.tr\/index.php\/wp-json\/wp\/v2\/pages"}],"about":[{"href":"https:\/\/de-co.com.tr\/index.php\/wp-json\/wp\/v2\/types\/page"}],"author":[{"embeddable":true,"href":"https:\/\/de-co.com.tr\/index.php\/wp-json\/wp\/v2\/users\/1"}],"replies":[{"embeddable":true,"href":"https:\/\/de-co.com.tr\/index.php\/wp-json\/wp\/v2\/comments?post=80"}],"version-history":[{"count":10,"href":"https:\/\/de-co.com.tr\/index.php\/wp-json\/wp\/v2\/pages\/80\/revisions"}],"predecessor-version":[{"id":492,"href":"https:\/\/de-co.com.tr\/index.php\/wp-json\/wp\/v2\/pages\/80\/revisions\/492"}],"wp:attachment":[{"href":"https:\/\/de-co.com.tr\/index.php\/wp-json\/wp\/v2\/media?parent=80"}],"curies":[{"name":"wp","href":"https:\/\/api.w.org\/{rel}","templated":true}]}}