{"id":321,"date":"2025-04-22T22:46:49","date_gmt":"2025-04-22T19:46:49","guid":{"rendered":"http:\/\/de-co.com.tr\/?page_id=321"},"modified":"2025-04-23T13:28:21","modified_gmt":"2025-04-23T10:28:21","slug":"togo-hastane-yapim","status":"publish","type":"page","link":"https:\/\/de-co.com.tr\/index.php\/togo-hastane-yapim\/","title":{"rendered":"TOGO HASTANE YAPIM"},"content":{"rendered":"\t\t<div data-elementor-type=\"wp-page\" data-elementor-id=\"321\" class=\"elementor elementor-321\">\n\t\t\t\t\t\t<section class=\"elementor-section elementor-top-section elementor-element elementor-element-f82f0ad elementor-section-boxed elementor-section-height-default elementor-section-height-default\" data-id=\"f82f0ad\" data-element_type=\"section\" data-settings=\"{&quot;background_background&quot;:&quot;classic&quot;}\">\n\t\t\t\t\t\t<div class=\"elementor-container elementor-column-gap-default\">\n\t\t\t\t\t<div class=\"elementor-column elementor-col-100 elementor-top-column elementor-element elementor-element-dbbd80b\" data-id=\"dbbd80b\" data-element_type=\"column\">\n\t\t\t<div class=\"elementor-widget-wrap elementor-element-populated\">\n\t\t\t\t\t\t<div class=\"elementor-element elementor-element-308a942 elementor-widget elementor-widget-spacer\" data-id=\"308a942\" data-element_type=\"widget\" data-widget_type=\"spacer.default\">\n\t\t\t\t<div class=\"elementor-widget-container\">\n\t\t\t\t\t\t\t<div class=\"elementor-spacer\">\n\t\t\t<div class=\"elementor-spacer-inner\"><\/div>\n\t\t<\/div>\n\t\t\t\t\t\t<\/div>\n\t\t\t\t<\/div>\n\t\t\t\t<div class=\"elementor-element elementor-element-4c77874 elementor-widget elementor-widget-heading\" data-id=\"4c77874\" data-element_type=\"widget\" data-widget_type=\"heading.default\">\n\t\t\t\t<div class=\"elementor-widget-container\">\n\t\t\t\t\t<h2 class=\"elementor-heading-title elementor-size-default\">Tamamlanan Projeler<\/h2>\t\t\t\t<\/div>\n\t\t\t\t<\/div>\n\t\t\t\t<div class=\"elementor-element elementor-element-d02c355 elementor-widget elementor-widget-text-editor\" data-id=\"d02c355\" data-element_type=\"widget\" data-widget_type=\"text-editor.default\">\n\t\t\t\t<div class=\"elementor-widget-container\">\n\t\t\t\t\t\t\t\t\t<p>Ana Sayfa \u2192 TOGO HASTANE YAPIM\u00a0<\/p>\t\t\t\t\t\t\t\t<\/div>\n\t\t\t\t<\/div>\n\t\t\t\t\t<\/div>\n\t\t<\/div>\n\t\t\t\t\t<\/div>\n\t\t<\/section>\n\t\t\t\t<section class=\"elementor-section elementor-top-section elementor-element elementor-element-dbc85bf elementor-section-boxed elementor-section-height-default elementor-section-height-default\" data-id=\"dbc85bf\" data-element_type=\"section\">\n\t\t\t\t\t\t<div class=\"elementor-container elementor-column-gap-default\">\n\t\t\t\t\t<div class=\"elementor-column elementor-col-100 elementor-top-column elementor-element elementor-element-b0dc12b\" data-id=\"b0dc12b\" data-element_type=\"column\">\n\t\t\t<div class=\"elementor-widget-wrap elementor-element-populated\">\n\t\t\t\t\t\t<div class=\"elementor-element elementor-element-91bff1f elementor-widget elementor-widget-heading\" data-id=\"91bff1f\" data-element_type=\"widget\" data-widget_type=\"heading.default\">\n\t\t\t\t<div class=\"elementor-widget-container\">\n\t\t\t\t\t<h2 class=\"elementor-heading-title elementor-size-default\">Togo hastane yap\u0131m i\u015fi (Kaba i\u015fler yap\u0131m i\u015fi) - Togo, in\u015faat yap\u0131m\u0131. <br>\nProje ba\u015flama tarihi: \n01.01.2023 - Proje biti\u015f tarihi: 01.12.2024\n<\/h2>\t\t\t\t<\/div>\n\t\t\t\t<\/div>\n\t\t\t\t\t<\/div>\n\t\t<\/div>\n\t\t\t\t\t<\/div>\n\t\t<\/section>\n\t\t\t\t<section class=\"elementor-section elementor-top-section elementor-element elementor-element-146f568 elementor-section-boxed elementor-section-height-default elementor-section-height-default\" data-id=\"146f568\" data-element_type=\"section\">\n\t\t\t\t\t\t<div class=\"elementor-container elementor-column-gap-default\">\n\t\t\t\t\t<div class=\"elementor-column elementor-col-100 elementor-top-column elementor-element elementor-element-9b10083\" data-id=\"9b10083\" data-element_type=\"column\">\n\t\t\t<div class=\"elementor-widget-wrap elementor-element-populated\">\n\t\t\t\t\t\t<div class=\"elementor-element elementor-element-2808134 gallery-spacing-custom elementor-widget elementor-widget-image-gallery\" data-id=\"2808134\" data-element_type=\"widget\" data-widget_type=\"image-gallery.default\">\n\t\t\t\t<div class=\"elementor-widget-container\">\n\t\t\t\t\t\t\t<div class=\"elementor-image-gallery\">\n\t\t\t<div id='gallery-1' class='gallery galleryid-321 gallery-columns-3 gallery-size-full'><figure class='gallery-item'>\n\t\t\t<div class='gallery-icon landscape'>\n\t\t\t\t<a data-elementor-open-lightbox=\"yes\" data-elementor-lightbox-slideshow=\"2808134\" data-e-action-hash=\"#elementor-action%3Aaction%3Dlightbox%26settings%3DeyJpZCI6MjQ5LCJ1cmwiOiJodHRwczpcL1wvZGUtY28uY29tLnRyXC93cC1jb250ZW50XC91cGxvYWRzXC8yMDI1XC8wNFwvZWY4YzBmYzMtMDFkYS00YjQ5LTkwOWMtNzY0MzEyMzMzZmUxLWUxNzQ1MzUxMjAwMzA3LmpwZyIsInNsaWRlc2hvdyI6IjI4MDgxMzQifQ%3D%3D\" href='https:\/\/de-co.com.tr\/wp-content\/uploads\/2025\/04\/ef8c0fc3-01da-4b49-909c-764312333fe1-e1745351200307.jpg'><img fetchpriority=\"high\" decoding=\"async\" width=\"1284\" height=\"750\" src=\"https:\/\/de-co.com.tr\/wp-content\/uploads\/2025\/04\/ef8c0fc3-01da-4b49-909c-764312333fe1-e1745351200307.jpg\" class=\"attachment-full size-full\" alt=\"\" srcset=\"https:\/\/de-co.com.tr\/wp-content\/uploads\/2025\/04\/ef8c0fc3-01da-4b49-909c-764312333fe1-e1745351200307.jpg 1284w, https:\/\/de-co.com.tr\/wp-content\/uploads\/2025\/04\/ef8c0fc3-01da-4b49-909c-764312333fe1-e1745351200307-300x175.jpg 300w, https:\/\/de-co.com.tr\/wp-content\/uploads\/2025\/04\/ef8c0fc3-01da-4b49-909c-764312333fe1-e1745351200307-1024x598.jpg 1024w, https:\/\/de-co.com.tr\/wp-content\/uploads\/2025\/04\/ef8c0fc3-01da-4b49-909c-764312333fe1-e1745351200307-768x449.jpg 768w\" sizes=\"(max-width: 1284px) 100vw, 1284px\" \/><\/a>\n\t\t\t<\/div><\/figure><figure class='gallery-item'>\n\t\t\t<div class='gallery-icon landscape'>\n\t\t\t\t<a data-elementor-open-lightbox=\"yes\" data-elementor-lightbox-slideshow=\"2808134\" data-e-action-hash=\"#elementor-action%3Aaction%3Dlightbox%26settings%3DeyJpZCI6MjQ4LCJ1cmwiOiJodHRwczpcL1wvZGUtY28uY29tLnRyXC93cC1jb250ZW50XC91cGxvYWRzXC8yMDI1XC8wNFwvYjg5MWY2NWEtY2I2ZS00ZGUzLWFhOTktMmE1ODY1Y2EyY2ExLWUxNzQ1MzQ4NTg1OTIwLmpwZyIsInNsaWRlc2hvdyI6IjI4MDgxMzQifQ%3D%3D\" href='https:\/\/de-co.com.tr\/wp-content\/uploads\/2025\/04\/b891f65a-cb6e-4de3-aa99-2a5865ca2ca1-e1745348585920.jpg'><img decoding=\"async\" width=\"1279\" height=\"895\" src=\"https:\/\/de-co.com.tr\/wp-content\/uploads\/2025\/04\/b891f65a-cb6e-4de3-aa99-2a5865ca2ca1-e1745348585920.jpg\" class=\"attachment-full size-full\" alt=\"\" srcset=\"https:\/\/de-co.com.tr\/wp-content\/uploads\/2025\/04\/b891f65a-cb6e-4de3-aa99-2a5865ca2ca1-e1745348585920.jpg 1279w, https:\/\/de-co.com.tr\/wp-content\/uploads\/2025\/04\/b891f65a-cb6e-4de3-aa99-2a5865ca2ca1-e1745348585920-300x210.jpg 300w, https:\/\/de-co.com.tr\/wp-content\/uploads\/2025\/04\/b891f65a-cb6e-4de3-aa99-2a5865ca2ca1-e1745348585920-1024x717.jpg 1024w, https:\/\/de-co.com.tr\/wp-content\/uploads\/2025\/04\/b891f65a-cb6e-4de3-aa99-2a5865ca2ca1-e1745348585920-768x537.jpg 768w\" sizes=\"(max-width: 1279px) 100vw, 1279px\" \/><\/a>\n\t\t\t<\/div><\/figure><figure class='gallery-item'>\n\t\t\t<div class='gallery-icon landscape'>\n\t\t\t\t<a data-elementor-open-lightbox=\"yes\" data-elementor-lightbox-slideshow=\"2808134\" data-e-action-hash=\"#elementor-action%3Aaction%3Dlightbox%26settings%3DeyJpZCI6MjQ3LCJ1cmwiOiJodHRwczpcL1wvZGUtY28uY29tLnRyXC93cC1jb250ZW50XC91cGxvYWRzXC8yMDI1XC8wNFwvNDk4ZDMxNDAtNTc0Ni00OWViLWJiNWUtNTNhYzU3ZjFiNDRmLmpwZyIsInNsaWRlc2hvdyI6IjI4MDgxMzQifQ%3D%3D\" href='https:\/\/de-co.com.tr\/wp-content\/uploads\/2025\/04\/498d3140-5746-49eb-bb5e-53ac57f1b44f.jpg'><img decoding=\"async\" width=\"1262\" height=\"1125\" src=\"https:\/\/de-co.com.tr\/wp-content\/uploads\/2025\/04\/498d3140-5746-49eb-bb5e-53ac57f1b44f.jpg\" class=\"attachment-full size-full\" alt=\"\" srcset=\"https:\/\/de-co.com.tr\/wp-content\/uploads\/2025\/04\/498d3140-5746-49eb-bb5e-53ac57f1b44f.jpg 1262w, https:\/\/de-co.com.tr\/wp-content\/uploads\/2025\/04\/498d3140-5746-49eb-bb5e-53ac57f1b44f-300x267.jpg 300w, https:\/\/de-co.com.tr\/wp-content\/uploads\/2025\/04\/498d3140-5746-49eb-bb5e-53ac57f1b44f-1024x913.jpg 1024w, https:\/\/de-co.com.tr\/wp-content\/uploads\/2025\/04\/498d3140-5746-49eb-bb5e-53ac57f1b44f-768x685.jpg 768w\" sizes=\"(max-width: 1262px) 100vw, 1262px\" \/><\/a>\n\t\t\t<\/div><\/figure>\n\t\t<\/div>\n\t\t<\/div>\n\t\t\t\t\t\t<\/div>\n\t\t\t\t<\/div>\n\t\t\t\t\t<\/div>\n\t\t<\/div>\n\t\t\t\t\t<\/div>\n\t\t<\/section>\n\t\t\t\t<\/div>\n\t\t","protected":false},"excerpt":{"rendered":"<p>Tamamlanan Projeler Ana Sayfa \u2192 TOGO HASTANE YAPIM\u00a0 Togo hastane yap\u0131m i\u015fi (Kaba i\u015fler yap\u0131m i\u015fi) &#8211; Togo, in\u015faat yap\u0131m\u0131. [&hellip;]<\/p>\n","protected":false},"author":1,"featured_media":0,"parent":0,"menu_order":0,"comment_status":"closed","ping_status":"closed","template":"elementor_header_footer","meta":{"site-sidebar-layout":"no-sidebar","site-content-layout":"","ast-site-content-layout":"full-width-container","site-content-style":"default","site-sidebar-style":"default","ast-global-header-display":"","ast-banner-title-visibility":"","ast-main-header-display":"","ast-hfb-above-header-display":"","ast-hfb-below-header-display":"","ast-hfb-mobile-header-display":"","site-post-title":"disabled","ast-breadcrumbs-content":"","ast-featured-img":"disabled","footer-sml-layout":"","theme-transparent-header-meta":"","adv-header-id-meta":"","stick-header-meta":"","header-above-stick-meta":"","header-main-stick-meta":"","header-below-stick-meta":"","astra-migrate-meta-layouts":"default","ast-page-background-enabled":"default","ast-page-background-meta":{"desktop":{"background-color":"var(--ast-global-color-5)","background-image":"","background-repeat":"repeat","background-position":"center center","background-size":"auto","background-attachment":"scroll","background-type":"","background-media":"","overlay-type":"","overlay-color":"","overlay-opacity":"","overlay-gradient":""},"tablet":{"background-color":"","background-image":"","background-repeat":"repeat","background-position":"center center","background-size":"auto","background-attachment":"scroll","background-type":"","background-media":"","overlay-type":"","overlay-color":"","overlay-opacity":"","overlay-gradient":""},"mobile":{"background-color":"","background-image":"","background-repeat":"repeat","background-position":"center center","background-size":"auto","background-attachment":"scroll","background-type":"","background-media":"","overlay-type":"","overlay-color":"","overlay-opacity":"","overlay-gradient":""}},"ast-content-background-meta":{"desktop":{"background-color":"var(--ast-global-color-4)","background-image":"","background-repeat":"repeat","background-position":"center center","background-size":"auto","background-attachment":"scroll","background-type":"","background-media":"","overlay-type":"","overlay-color":"","overlay-opacity":"","overlay-gradient":""},"tablet":{"background-color":"var(--ast-global-color-4)","background-image":"","background-repeat":"repeat","background-position":"center center","background-size":"auto","background-attachment":"scroll","background-type":"","background-media":"","overlay-type":"","overlay-color":"","overlay-opacity":"","overlay-gradient":""},"mobile":{"background-color":"var(--ast-global-color-4)","background-image":"","background-repeat":"repeat","background-position":"center center","background-size":"auto","background-attachment":"scroll","background-type":"","background-media":"","overlay-type":"","overlay-color":"","overlay-opacity":"","overlay-gradient":""}},"footnotes":""},"class_list":["post-321","page","type-page","status-publish","hentry"],"_links":{"self":[{"href":"https:\/\/de-co.com.tr\/index.php\/wp-json\/wp\/v2\/pages\/321","targetHints":{"allow":["GET"]}}],"collection":[{"href":"https:\/\/de-co.com.tr\/index.php\/wp-json\/wp\/v2\/pages"}],"about":[{"href":"https:\/\/de-co.com.tr\/index.php\/wp-json\/wp\/v2\/types\/page"}],"author":[{"embeddable":true,"href":"https:\/\/de-co.com.tr\/index.php\/wp-json\/wp\/v2\/users\/1"}],"replies":[{"embeddable":true,"href":"https:\/\/de-co.com.tr\/index.php\/wp-json\/wp\/v2\/comments?post=321"}],"version-history":[{"count":10,"href":"https:\/\/de-co.com.tr\/index.php\/wp-json\/wp\/v2\/pages\/321\/revisions"}],"predecessor-version":[{"id":431,"href":"https:\/\/de-co.com.tr\/index.php\/wp-json\/wp\/v2\/pages\/321\/revisions\/431"}],"wp:attachment":[{"href":"https:\/\/de-co.com.tr\/index.php\/wp-json\/wp\/v2\/media?parent=321"}],"curies":[{"name":"wp","href":"https:\/\/api.w.org\/{rel}","templated":true}]}}