{"id":295,"date":"2025-04-22T22:29:38","date_gmt":"2025-04-22T19:29:38","guid":{"rendered":"http:\/\/de-co.com.tr\/?page_id=295"},"modified":"2025-04-23T13:26:09","modified_gmt":"2025-04-23T10:26:09","slug":"casavita-golbasi-21-villa","status":"publish","type":"page","link":"https:\/\/de-co.com.tr\/index.php\/casavita-golbasi-21-villa\/","title":{"rendered":"CASAV\u0130TA \u00a0G\u00d6LBA\u015eI 21 V\u0130LLA\u00a0"},"content":{"rendered":"\t\t<div data-elementor-type=\"wp-page\" data-elementor-id=\"295\" class=\"elementor elementor-295\">\n\t\t\t\t\t\t<section class=\"elementor-section elementor-top-section elementor-element elementor-element-8d489bd elementor-section-boxed elementor-section-height-default elementor-section-height-default\" data-id=\"8d489bd\" data-element_type=\"section\" data-settings=\"{&quot;background_background&quot;:&quot;classic&quot;}\">\n\t\t\t\t\t\t<div class=\"elementor-container elementor-column-gap-default\">\n\t\t\t\t\t<div class=\"elementor-column elementor-col-100 elementor-top-column elementor-element elementor-element-d00f596\" data-id=\"d00f596\" data-element_type=\"column\">\n\t\t\t<div class=\"elementor-widget-wrap elementor-element-populated\">\n\t\t\t\t\t\t<div class=\"elementor-element elementor-element-b3f64bd elementor-widget elementor-widget-spacer\" data-id=\"b3f64bd\" data-element_type=\"widget\" data-widget_type=\"spacer.default\">\n\t\t\t\t<div class=\"elementor-widget-container\">\n\t\t\t\t\t\t\t<div class=\"elementor-spacer\">\n\t\t\t<div class=\"elementor-spacer-inner\"><\/div>\n\t\t<\/div>\n\t\t\t\t\t\t<\/div>\n\t\t\t\t<\/div>\n\t\t\t\t<div class=\"elementor-element elementor-element-360dc8a elementor-widget elementor-widget-heading\" data-id=\"360dc8a\" data-element_type=\"widget\" data-widget_type=\"heading.default\">\n\t\t\t\t<div class=\"elementor-widget-container\">\n\t\t\t\t\t<h2 class=\"elementor-heading-title elementor-size-default\">Tamamlanan Projeler<\/h2>\t\t\t\t<\/div>\n\t\t\t\t<\/div>\n\t\t\t\t<div class=\"elementor-element elementor-element-09b5151 elementor-widget elementor-widget-text-editor\" data-id=\"09b5151\" data-element_type=\"widget\" data-widget_type=\"text-editor.default\">\n\t\t\t\t<div class=\"elementor-widget-container\">\n\t\t\t\t\t\t\t\t\t<p>Ana Sayfa \u2192 CASAV\u0130TA \u00a0G\u00d6LBA\u015eI 21 V\u0130LLA\u00a0<\/p>\t\t\t\t\t\t\t\t<\/div>\n\t\t\t\t<\/div>\n\t\t\t\t\t<\/div>\n\t\t<\/div>\n\t\t\t\t\t<\/div>\n\t\t<\/section>\n\t\t\t\t<section class=\"elementor-section elementor-top-section elementor-element elementor-element-fd8cf64 elementor-section-boxed elementor-section-height-default elementor-section-height-default\" data-id=\"fd8cf64\" data-element_type=\"section\">\n\t\t\t\t\t\t<div class=\"elementor-container elementor-column-gap-default\">\n\t\t\t\t\t<div class=\"elementor-column elementor-col-100 elementor-top-column elementor-element elementor-element-e9e6cd7\" data-id=\"e9e6cd7\" data-element_type=\"column\">\n\t\t\t<div class=\"elementor-widget-wrap elementor-element-populated\">\n\t\t\t\t\t\t<div class=\"elementor-element elementor-element-4190a4a elementor-widget elementor-widget-heading\" data-id=\"4190a4a\" data-element_type=\"widget\" data-widget_type=\"heading.default\">\n\t\t\t\t<div class=\"elementor-widget-container\">\n\t\t\t\t\t<h2 class=\"elementor-heading-title elementor-size-default\">Casavita G\u00f6lba\u015f\u0131 21 villa yap\u0131m i\u015fi (Kal\u0131p demir beton ve ince i\u015fler yap\u0131m i\u015fi) - G\u00f6lba\u015f\u0131 \/ Ankara, in\u015faat yap\u0131m\u0131.\nProje ba\u015flama tarihi: 10.03.2023 - Proje biti\u015f tarihi: 20.12.2024<\/h2>\t\t\t\t<\/div>\n\t\t\t\t<\/div>\n\t\t\t\t\t<\/div>\n\t\t<\/div>\n\t\t\t\t\t<\/div>\n\t\t<\/section>\n\t\t\t\t<section class=\"elementor-section elementor-top-section elementor-element elementor-element-356d4b5 elementor-section-boxed elementor-section-height-default elementor-section-height-default\" data-id=\"356d4b5\" data-element_type=\"section\">\n\t\t\t\t\t\t<div class=\"elementor-container elementor-column-gap-default\">\n\t\t\t\t\t<div class=\"elementor-column elementor-col-100 elementor-top-column elementor-element elementor-element-cd50752\" data-id=\"cd50752\" data-element_type=\"column\">\n\t\t\t<div class=\"elementor-widget-wrap elementor-element-populated\">\n\t\t\t\t\t\t<div class=\"elementor-element elementor-element-5905394 gallery-spacing-custom elementor-widget elementor-widget-image-gallery\" data-id=\"5905394\" data-element_type=\"widget\" data-widget_type=\"image-gallery.default\">\n\t\t\t\t<div class=\"elementor-widget-container\">\n\t\t\t\t\t\t\t<div class=\"elementor-image-gallery\">\n\t\t\t<div id='gallery-1' class='gallery galleryid-295 gallery-columns-3 gallery-size-full'><figure class='gallery-item'>\n\t\t\t<div class='gallery-icon landscape'>\n\t\t\t\t<a data-elementor-open-lightbox=\"yes\" data-elementor-lightbox-slideshow=\"5905394\" data-e-action-hash=\"#elementor-action%3Aaction%3Dlightbox%26settings%3DeyJpZCI6MjE5LCJ1cmwiOiJodHRwczpcL1wvZGUtY28uY29tLnRyXC93cC1jb250ZW50XC91cGxvYWRzXC8yMDI1XC8wNFwvOGE2NTc5NzktN2FkNC00NzZkLWE4ZTItOWVkNDkyOThhZjY4LmpwZyIsInNsaWRlc2hvdyI6IjU5MDUzOTQifQ%3D%3D\" href='https:\/\/de-co.com.tr\/wp-content\/uploads\/2025\/04\/8a657979-7ad4-476d-a8e2-9ed49298af68.jpg'><img fetchpriority=\"high\" decoding=\"async\" width=\"1600\" height=\"1200\" src=\"https:\/\/de-co.com.tr\/wp-content\/uploads\/2025\/04\/8a657979-7ad4-476d-a8e2-9ed49298af68.jpg\" class=\"attachment-full size-full\" alt=\"\" srcset=\"https:\/\/de-co.com.tr\/wp-content\/uploads\/2025\/04\/8a657979-7ad4-476d-a8e2-9ed49298af68.jpg 1600w, https:\/\/de-co.com.tr\/wp-content\/uploads\/2025\/04\/8a657979-7ad4-476d-a8e2-9ed49298af68-300x225.jpg 300w, https:\/\/de-co.com.tr\/wp-content\/uploads\/2025\/04\/8a657979-7ad4-476d-a8e2-9ed49298af68-1024x768.jpg 1024w, https:\/\/de-co.com.tr\/wp-content\/uploads\/2025\/04\/8a657979-7ad4-476d-a8e2-9ed49298af68-768x576.jpg 768w, https:\/\/de-co.com.tr\/wp-content\/uploads\/2025\/04\/8a657979-7ad4-476d-a8e2-9ed49298af68-1536x1152.jpg 1536w\" sizes=\"(max-width: 1600px) 100vw, 1600px\" \/><\/a>\n\t\t\t<\/div><\/figure><figure class='gallery-item'>\n\t\t\t<div class='gallery-icon landscape'>\n\t\t\t\t<a data-elementor-open-lightbox=\"yes\" data-elementor-lightbox-slideshow=\"5905394\" data-e-action-hash=\"#elementor-action%3Aaction%3Dlightbox%26settings%3DeyJpZCI6MjIwLCJ1cmwiOiJodHRwczpcL1wvZGUtY28uY29tLnRyXC93cC1jb250ZW50XC91cGxvYWRzXC8yMDI1XC8wNFwvOGUzMjc5ZDMtNGNmOC00MjM0LTgzMWMtNDIwZTNiOTMyMmQyLmpwZyIsInNsaWRlc2hvdyI6IjU5MDUzOTQifQ%3D%3D\" href='https:\/\/de-co.com.tr\/wp-content\/uploads\/2025\/04\/8e3279d3-4cf8-4234-831c-420e3b9322d2.jpg'><img decoding=\"async\" width=\"1600\" height=\"900\" src=\"https:\/\/de-co.com.tr\/wp-content\/uploads\/2025\/04\/8e3279d3-4cf8-4234-831c-420e3b9322d2.jpg\" class=\"attachment-full size-full\" alt=\"\" srcset=\"https:\/\/de-co.com.tr\/wp-content\/uploads\/2025\/04\/8e3279d3-4cf8-4234-831c-420e3b9322d2.jpg 1600w, https:\/\/de-co.com.tr\/wp-content\/uploads\/2025\/04\/8e3279d3-4cf8-4234-831c-420e3b9322d2-300x169.jpg 300w, https:\/\/de-co.com.tr\/wp-content\/uploads\/2025\/04\/8e3279d3-4cf8-4234-831c-420e3b9322d2-1024x576.jpg 1024w, https:\/\/de-co.com.tr\/wp-content\/uploads\/2025\/04\/8e3279d3-4cf8-4234-831c-420e3b9322d2-768x432.jpg 768w, https:\/\/de-co.com.tr\/wp-content\/uploads\/2025\/04\/8e3279d3-4cf8-4234-831c-420e3b9322d2-1536x864.jpg 1536w\" sizes=\"(max-width: 1600px) 100vw, 1600px\" \/><\/a>\n\t\t\t<\/div><\/figure><figure class='gallery-item'>\n\t\t\t<div class='gallery-icon portrait'>\n\t\t\t\t<a data-elementor-open-lightbox=\"yes\" data-elementor-lightbox-slideshow=\"5905394\" data-e-action-hash=\"#elementor-action%3Aaction%3Dlightbox%26settings%3DeyJpZCI6MjIxLCJ1cmwiOiJodHRwczpcL1wvZGUtY28uY29tLnRyXC93cC1jb250ZW50XC91cGxvYWRzXC8yMDI1XC8wNFwvNTdhZmZmMWUtMjE2MS00NmQxLTkwY2QtODYyNDJlOTZhN2E3LmpwZyIsInNsaWRlc2hvdyI6IjU5MDUzOTQifQ%3D%3D\" href='https:\/\/de-co.com.tr\/wp-content\/uploads\/2025\/04\/57afff1e-2161-46d1-90cd-86242e96a7a7.jpg'><img decoding=\"async\" width=\"1200\" height=\"1600\" src=\"https:\/\/de-co.com.tr\/wp-content\/uploads\/2025\/04\/57afff1e-2161-46d1-90cd-86242e96a7a7.jpg\" class=\"attachment-full size-full\" alt=\"\" srcset=\"https:\/\/de-co.com.tr\/wp-content\/uploads\/2025\/04\/57afff1e-2161-46d1-90cd-86242e96a7a7.jpg 1200w, https:\/\/de-co.com.tr\/wp-content\/uploads\/2025\/04\/57afff1e-2161-46d1-90cd-86242e96a7a7-225x300.jpg 225w, https:\/\/de-co.com.tr\/wp-content\/uploads\/2025\/04\/57afff1e-2161-46d1-90cd-86242e96a7a7-768x1024.jpg 768w, https:\/\/de-co.com.tr\/wp-content\/uploads\/2025\/04\/57afff1e-2161-46d1-90cd-86242e96a7a7-1152x1536.jpg 1152w\" sizes=\"(max-width: 1200px) 100vw, 1200px\" \/><\/a>\n\t\t\t<\/div><\/figure><figure class='gallery-item'>\n\t\t\t<div class='gallery-icon landscape'>\n\t\t\t\t<a data-elementor-open-lightbox=\"yes\" data-elementor-lightbox-slideshow=\"5905394\" data-e-action-hash=\"#elementor-action%3Aaction%3Dlightbox%26settings%3DeyJpZCI6MjIyLCJ1cmwiOiJodHRwczpcL1wvZGUtY28uY29tLnRyXC93cC1jb250ZW50XC91cGxvYWRzXC8yMDI1XC8wNFwvNzNkYzBmZGEtNDNjYS00ODUyLWFjMTItYjY0ZTdjYjA4ZWViLmpwZyIsInNsaWRlc2hvdyI6IjU5MDUzOTQifQ%3D%3D\" href='https:\/\/de-co.com.tr\/wp-content\/uploads\/2025\/04\/73dc0fda-43ca-4852-ac12-b64e7cb08eeb.jpg'><img loading=\"lazy\" decoding=\"async\" width=\"1600\" height=\"992\" src=\"https:\/\/de-co.com.tr\/wp-content\/uploads\/2025\/04\/73dc0fda-43ca-4852-ac12-b64e7cb08eeb.jpg\" class=\"attachment-full size-full\" alt=\"\" srcset=\"https:\/\/de-co.com.tr\/wp-content\/uploads\/2025\/04\/73dc0fda-43ca-4852-ac12-b64e7cb08eeb.jpg 1600w, https:\/\/de-co.com.tr\/wp-content\/uploads\/2025\/04\/73dc0fda-43ca-4852-ac12-b64e7cb08eeb-300x186.jpg 300w, https:\/\/de-co.com.tr\/wp-content\/uploads\/2025\/04\/73dc0fda-43ca-4852-ac12-b64e7cb08eeb-1024x635.jpg 1024w, https:\/\/de-co.com.tr\/wp-content\/uploads\/2025\/04\/73dc0fda-43ca-4852-ac12-b64e7cb08eeb-768x476.jpg 768w, https:\/\/de-co.com.tr\/wp-content\/uploads\/2025\/04\/73dc0fda-43ca-4852-ac12-b64e7cb08eeb-1536x952.jpg 1536w\" sizes=\"(max-width: 1600px) 100vw, 1600px\" \/><\/a>\n\t\t\t<\/div><\/figure><figure class='gallery-item'>\n\t\t\t<div class='gallery-icon portrait'>\n\t\t\t\t<a data-elementor-open-lightbox=\"yes\" data-elementor-lightbox-slideshow=\"5905394\" data-e-action-hash=\"#elementor-action%3Aaction%3Dlightbox%26settings%3DeyJpZCI6MjIzLCJ1cmwiOiJodHRwczpcL1wvZGUtY28uY29tLnRyXC93cC1jb250ZW50XC91cGxvYWRzXC8yMDI1XC8wNFwvNzRjYzhkNjMtN2YxMC00NGVkLWFkYmItZmIwZmY1Mzc1YjFiLmpwZyIsInNsaWRlc2hvdyI6IjU5MDUzOTQifQ%3D%3D\" href='https:\/\/de-co.com.tr\/wp-content\/uploads\/2025\/04\/74cc8d63-7f10-44ed-adbb-fb0ff5375b1b.jpg'><img loading=\"lazy\" decoding=\"async\" width=\"1200\" height=\"1600\" src=\"https:\/\/de-co.com.tr\/wp-content\/uploads\/2025\/04\/74cc8d63-7f10-44ed-adbb-fb0ff5375b1b.jpg\" class=\"attachment-full size-full\" alt=\"\" srcset=\"https:\/\/de-co.com.tr\/wp-content\/uploads\/2025\/04\/74cc8d63-7f10-44ed-adbb-fb0ff5375b1b.jpg 1200w, https:\/\/de-co.com.tr\/wp-content\/uploads\/2025\/04\/74cc8d63-7f10-44ed-adbb-fb0ff5375b1b-225x300.jpg 225w, https:\/\/de-co.com.tr\/wp-content\/uploads\/2025\/04\/74cc8d63-7f10-44ed-adbb-fb0ff5375b1b-768x1024.jpg 768w, https:\/\/de-co.com.tr\/wp-content\/uploads\/2025\/04\/74cc8d63-7f10-44ed-adbb-fb0ff5375b1b-1152x1536.jpg 1152w\" sizes=\"(max-width: 1200px) 100vw, 1200px\" \/><\/a>\n\t\t\t<\/div><\/figure><figure class='gallery-item'>\n\t\t\t<div class='gallery-icon portrait'>\n\t\t\t\t<a data-elementor-open-lightbox=\"yes\" data-elementor-lightbox-slideshow=\"5905394\" data-e-action-hash=\"#elementor-action%3Aaction%3Dlightbox%26settings%3DeyJpZCI6MjI0LCJ1cmwiOiJodHRwczpcL1wvZGUtY28uY29tLnRyXC93cC1jb250ZW50XC91cGxvYWRzXC8yMDI1XC8wNFwvMzExYmM0YzUtNDdjNy00NTQ5LTk5NzktNmFiNmQxODY4ZTUyLmpwZyIsInNsaWRlc2hvdyI6IjU5MDUzOTQifQ%3D%3D\" href='https:\/\/de-co.com.tr\/wp-content\/uploads\/2025\/04\/311bc4c5-47c7-4549-9979-6ab6d1868e52.jpg'><img loading=\"lazy\" decoding=\"async\" width=\"1200\" height=\"1600\" src=\"https:\/\/de-co.com.tr\/wp-content\/uploads\/2025\/04\/311bc4c5-47c7-4549-9979-6ab6d1868e52.jpg\" class=\"attachment-full size-full\" alt=\"\" srcset=\"https:\/\/de-co.com.tr\/wp-content\/uploads\/2025\/04\/311bc4c5-47c7-4549-9979-6ab6d1868e52.jpg 1200w, https:\/\/de-co.com.tr\/wp-content\/uploads\/2025\/04\/311bc4c5-47c7-4549-9979-6ab6d1868e52-225x300.jpg 225w, https:\/\/de-co.com.tr\/wp-content\/uploads\/2025\/04\/311bc4c5-47c7-4549-9979-6ab6d1868e52-768x1024.jpg 768w, https:\/\/de-co.com.tr\/wp-content\/uploads\/2025\/04\/311bc4c5-47c7-4549-9979-6ab6d1868e52-1152x1536.jpg 1152w\" sizes=\"(max-width: 1200px) 100vw, 1200px\" \/><\/a>\n\t\t\t<\/div><\/figure><figure class='gallery-item'>\n\t\t\t<div class='gallery-icon portrait'>\n\t\t\t\t<a data-elementor-open-lightbox=\"yes\" data-elementor-lightbox-slideshow=\"5905394\" data-e-action-hash=\"#elementor-action%3Aaction%3Dlightbox%26settings%3DeyJpZCI6MjI1LCJ1cmwiOiJodHRwczpcL1wvZGUtY28uY29tLnRyXC93cC1jb250ZW50XC91cGxvYWRzXC8yMDI1XC8wNFwvNDk2YjVjMWQtYmNhYi00MzBhLWI1NTQtOGIwNjNkMjg2Nzg0LmpwZyIsInNsaWRlc2hvdyI6IjU5MDUzOTQifQ%3D%3D\" href='https:\/\/de-co.com.tr\/wp-content\/uploads\/2025\/04\/496b5c1d-bcab-430a-b554-8b063d286784.jpg'><img loading=\"lazy\" decoding=\"async\" width=\"1200\" height=\"1600\" src=\"https:\/\/de-co.com.tr\/wp-content\/uploads\/2025\/04\/496b5c1d-bcab-430a-b554-8b063d286784.jpg\" class=\"attachment-full size-full\" alt=\"\" srcset=\"https:\/\/de-co.com.tr\/wp-content\/uploads\/2025\/04\/496b5c1d-bcab-430a-b554-8b063d286784.jpg 1200w, https:\/\/de-co.com.tr\/wp-content\/uploads\/2025\/04\/496b5c1d-bcab-430a-b554-8b063d286784-225x300.jpg 225w, https:\/\/de-co.com.tr\/wp-content\/uploads\/2025\/04\/496b5c1d-bcab-430a-b554-8b063d286784-768x1024.jpg 768w, https:\/\/de-co.com.tr\/wp-content\/uploads\/2025\/04\/496b5c1d-bcab-430a-b554-8b063d286784-1152x1536.jpg 1152w\" sizes=\"(max-width: 1200px) 100vw, 1200px\" \/><\/a>\n\t\t\t<\/div><\/figure><figure class='gallery-item'>\n\t\t\t<div class='gallery-icon landscape'>\n\t\t\t\t<a data-elementor-open-lightbox=\"yes\" data-elementor-lightbox-slideshow=\"5905394\" data-e-action-hash=\"#elementor-action%3Aaction%3Dlightbox%26settings%3DeyJpZCI6MjI2LCJ1cmwiOiJodHRwczpcL1wvZGUtY28uY29tLnRyXC93cC1jb250ZW50XC91cGxvYWRzXC8yMDI1XC8wNFwvMTMxMmY5NDYtZWI4NS00NzZmLWIwMGQtMWI5NjY1MzQyZTRjLmpwZyIsInNsaWRlc2hvdyI6IjU5MDUzOTQifQ%3D%3D\" href='https:\/\/de-co.com.tr\/wp-content\/uploads\/2025\/04\/1312f946-eb85-476f-b00d-1b9665342e4c.jpg'><img loading=\"lazy\" decoding=\"async\" width=\"1600\" height=\"992\" src=\"https:\/\/de-co.com.tr\/wp-content\/uploads\/2025\/04\/1312f946-eb85-476f-b00d-1b9665342e4c.jpg\" class=\"attachment-full size-full\" alt=\"\" srcset=\"https:\/\/de-co.com.tr\/wp-content\/uploads\/2025\/04\/1312f946-eb85-476f-b00d-1b9665342e4c.jpg 1600w, https:\/\/de-co.com.tr\/wp-content\/uploads\/2025\/04\/1312f946-eb85-476f-b00d-1b9665342e4c-300x186.jpg 300w, https:\/\/de-co.com.tr\/wp-content\/uploads\/2025\/04\/1312f946-eb85-476f-b00d-1b9665342e4c-1024x635.jpg 1024w, https:\/\/de-co.com.tr\/wp-content\/uploads\/2025\/04\/1312f946-eb85-476f-b00d-1b9665342e4c-768x476.jpg 768w, https:\/\/de-co.com.tr\/wp-content\/uploads\/2025\/04\/1312f946-eb85-476f-b00d-1b9665342e4c-1536x952.jpg 1536w\" sizes=\"(max-width: 1600px) 100vw, 1600px\" \/><\/a>\n\t\t\t<\/div><\/figure><figure class='gallery-item'>\n\t\t\t<div class='gallery-icon landscape'>\n\t\t\t\t<a data-elementor-open-lightbox=\"yes\" data-elementor-lightbox-slideshow=\"5905394\" data-e-action-hash=\"#elementor-action%3Aaction%3Dlightbox%26settings%3DeyJpZCI6MjI3LCJ1cmwiOiJodHRwczpcL1wvZGUtY28uY29tLnRyXC93cC1jb250ZW50XC91cGxvYWRzXC8yMDI1XC8wNFwvNjQzNWI1NDgtMWU2Yi00ZmQzLWE2ZjQtNzVlY2MwNDhhMzk3LmpwZyIsInNsaWRlc2hvdyI6IjU5MDUzOTQifQ%3D%3D\" href='https:\/\/de-co.com.tr\/wp-content\/uploads\/2025\/04\/6435b548-1e6b-4fd3-a6f4-75ecc048a397.jpg'><img loading=\"lazy\" decoding=\"async\" width=\"1600\" height=\"1230\" src=\"https:\/\/de-co.com.tr\/wp-content\/uploads\/2025\/04\/6435b548-1e6b-4fd3-a6f4-75ecc048a397.jpg\" class=\"attachment-full size-full\" alt=\"\" srcset=\"https:\/\/de-co.com.tr\/wp-content\/uploads\/2025\/04\/6435b548-1e6b-4fd3-a6f4-75ecc048a397.jpg 1600w, https:\/\/de-co.com.tr\/wp-content\/uploads\/2025\/04\/6435b548-1e6b-4fd3-a6f4-75ecc048a397-300x231.jpg 300w, https:\/\/de-co.com.tr\/wp-content\/uploads\/2025\/04\/6435b548-1e6b-4fd3-a6f4-75ecc048a397-1024x787.jpg 1024w, https:\/\/de-co.com.tr\/wp-content\/uploads\/2025\/04\/6435b548-1e6b-4fd3-a6f4-75ecc048a397-768x590.jpg 768w, https:\/\/de-co.com.tr\/wp-content\/uploads\/2025\/04\/6435b548-1e6b-4fd3-a6f4-75ecc048a397-1536x1181.jpg 1536w\" sizes=\"(max-width: 1600px) 100vw, 1600px\" \/><\/a>\n\t\t\t<\/div><\/figure>\n\t\t<\/div>\n\t\t<\/div>\n\t\t\t\t\t\t<\/div>\n\t\t\t\t<\/div>\n\t\t\t\t\t<\/div>\n\t\t<\/div>\n\t\t\t\t\t<\/div>\n\t\t<\/section>\n\t\t\t\t<\/div>\n\t\t","protected":false},"excerpt":{"rendered":"<p>Tamamlanan Projeler Ana Sayfa \u2192 CASAV\u0130TA \u00a0G\u00d6LBA\u015eI 21 V\u0130LLA\u00a0 Casavita G\u00f6lba\u015f\u0131 21 villa yap\u0131m i\u015fi (Kal\u0131p demir beton ve ince [&hellip;]<\/p>\n","protected":false},"author":1,"featured_media":0,"parent":0,"menu_order":0,"comment_status":"closed","ping_status":"closed","template":"elementor_header_footer","meta":{"site-sidebar-layout":"no-sidebar","site-content-layout":"","ast-site-content-layout":"full-width-container","site-content-style":"default","site-sidebar-style":"default","ast-global-header-display":"","ast-banner-title-visibility":"","ast-main-header-display":"","ast-hfb-above-header-display":"","ast-hfb-below-header-display":"","ast-hfb-mobile-header-display":"","site-post-title":"disabled","ast-breadcrumbs-content":"","ast-featured-img":"disabled","footer-sml-layout":"","theme-transparent-header-meta":"","adv-header-id-meta":"","stick-header-meta":"","header-above-stick-meta":"","header-main-stick-meta":"","header-below-stick-meta":"","astra-migrate-meta-layouts":"default","ast-page-background-enabled":"default","ast-page-background-meta":{"desktop":{"background-color":"var(--ast-global-color-5)","background-image":"","background-repeat":"repeat","background-position":"center center","background-size":"auto","background-attachment":"scroll","background-type":"","background-media":"","overlay-type":"","overlay-color":"","overlay-opacity":"","overlay-gradient":""},"tablet":{"background-color":"","background-image":"","background-repeat":"repeat","background-position":"center center","background-size":"auto","background-attachment":"scroll","background-type":"","background-media":"","overlay-type":"","overlay-color":"","overlay-opacity":"","overlay-gradient":""},"mobile":{"background-color":"","background-image":"","background-repeat":"repeat","background-position":"center center","background-size":"auto","background-attachment":"scroll","background-type":"","background-media":"","overlay-type":"","overlay-color":"","overlay-opacity":"","overlay-gradient":""}},"ast-content-background-meta":{"desktop":{"background-color":"var(--ast-global-color-4)","background-image":"","background-repeat":"repeat","background-position":"center center","background-size":"auto","background-attachment":"scroll","background-type":"","background-media":"","overlay-type":"","overlay-color":"","overlay-opacity":"","overlay-gradient":""},"tablet":{"background-color":"var(--ast-global-color-4)","background-image":"","background-repeat":"repeat","background-position":"center center","background-size":"auto","background-attachment":"scroll","background-type":"","background-media":"","overlay-type":"","overlay-color":"","overlay-opacity":"","overlay-gradient":""},"mobile":{"background-color":"var(--ast-global-color-4)","background-image":"","background-repeat":"repeat","background-position":"center center","background-size":"auto","background-attachment":"scroll","background-type":"","background-media":"","overlay-type":"","overlay-color":"","overlay-opacity":"","overlay-gradient":""}},"footnotes":""},"class_list":["post-295","page","type-page","status-publish","hentry"],"_links":{"self":[{"href":"https:\/\/de-co.com.tr\/index.php\/wp-json\/wp\/v2\/pages\/295","targetHints":{"allow":["GET"]}}],"collection":[{"href":"https:\/\/de-co.com.tr\/index.php\/wp-json\/wp\/v2\/pages"}],"about":[{"href":"https:\/\/de-co.com.tr\/index.php\/wp-json\/wp\/v2\/types\/page"}],"author":[{"embeddable":true,"href":"https:\/\/de-co.com.tr\/index.php\/wp-json\/wp\/v2\/users\/1"}],"replies":[{"embeddable":true,"href":"https:\/\/de-co.com.tr\/index.php\/wp-json\/wp\/v2\/comments?post=295"}],"version-history":[{"count":7,"href":"https:\/\/de-co.com.tr\/index.php\/wp-json\/wp\/v2\/pages\/295\/revisions"}],"predecessor-version":[{"id":410,"href":"https:\/\/de-co.com.tr\/index.php\/wp-json\/wp\/v2\/pages\/295\/revisions\/410"}],"wp:attachment":[{"href":"https:\/\/de-co.com.tr\/index.php\/wp-json\/wp\/v2\/media?parent=295"}],"curies":[{"name":"wp","href":"https:\/\/api.w.org\/{rel}","templated":true}]}}