{"id":253,"date":"2025-04-22T22:09:26","date_gmt":"2025-04-22T19:09:26","guid":{"rendered":"http:\/\/de-co.com.tr\/?page_id=253"},"modified":"2025-04-23T13:22:32","modified_gmt":"2025-04-23T10:22:32","slug":"radissonblu-mount-hotel","status":"publish","type":"page","link":"https:\/\/de-co.com.tr\/index.php\/radissonblu-mount-hotel\/","title":{"rendered":"RADISSONBLU MOUNT HOTEL"},"content":{"rendered":"\t\t<div data-elementor-type=\"wp-page\" data-elementor-id=\"253\" class=\"elementor elementor-253\">\n\t\t\t\t\t\t<section class=\"elementor-section elementor-top-section elementor-element elementor-element-c645deb elementor-section-boxed elementor-section-height-default elementor-section-height-default\" data-id=\"c645deb\" data-element_type=\"section\" data-settings=\"{&quot;background_background&quot;:&quot;classic&quot;}\">\n\t\t\t\t\t\t<div class=\"elementor-container elementor-column-gap-default\">\n\t\t\t\t\t<div class=\"elementor-column elementor-col-100 elementor-top-column elementor-element elementor-element-20608ba\" data-id=\"20608ba\" data-element_type=\"column\">\n\t\t\t<div class=\"elementor-widget-wrap elementor-element-populated\">\n\t\t\t\t\t\t<div class=\"elementor-element elementor-element-6ec0751 elementor-widget elementor-widget-spacer\" data-id=\"6ec0751\" data-element_type=\"widget\" data-widget_type=\"spacer.default\">\n\t\t\t\t<div class=\"elementor-widget-container\">\n\t\t\t\t\t\t\t<div class=\"elementor-spacer\">\n\t\t\t<div class=\"elementor-spacer-inner\"><\/div>\n\t\t<\/div>\n\t\t\t\t\t\t<\/div>\n\t\t\t\t<\/div>\n\t\t\t\t<div class=\"elementor-element elementor-element-5957b62 elementor-widget elementor-widget-heading\" data-id=\"5957b62\" data-element_type=\"widget\" data-widget_type=\"heading.default\">\n\t\t\t\t<div class=\"elementor-widget-container\">\n\t\t\t\t\t<h2 class=\"elementor-heading-title elementor-size-default\">Tamamlanan Projeler<\/h2>\t\t\t\t<\/div>\n\t\t\t\t<\/div>\n\t\t\t\t<div class=\"elementor-element elementor-element-31b4aa0 elementor-widget elementor-widget-text-editor\" data-id=\"31b4aa0\" data-element_type=\"widget\" data-widget_type=\"text-editor.default\">\n\t\t\t\t<div class=\"elementor-widget-container\">\n\t\t\t\t\t\t\t\t\t<p>Ana Sayfa \u2192 RADISSONBLU MOUNT HOTEL<\/p>\t\t\t\t\t\t\t\t<\/div>\n\t\t\t\t<\/div>\n\t\t\t\t\t<\/div>\n\t\t<\/div>\n\t\t\t\t\t<\/div>\n\t\t<\/section>\n\t\t\t\t<section class=\"elementor-section elementor-top-section elementor-element elementor-element-772f61b elementor-section-boxed elementor-section-height-default elementor-section-height-default\" data-id=\"772f61b\" data-element_type=\"section\">\n\t\t\t\t\t\t<div class=\"elementor-container elementor-column-gap-default\">\n\t\t\t\t\t<div class=\"elementor-column elementor-col-100 elementor-top-column elementor-element elementor-element-1dafd64\" data-id=\"1dafd64\" data-element_type=\"column\">\n\t\t\t<div class=\"elementor-widget-wrap elementor-element-populated\">\n\t\t\t\t\t\t<div class=\"elementor-element elementor-element-20c62a9 elementor-widget elementor-widget-heading\" data-id=\"20c62a9\" data-element_type=\"widget\" data-widget_type=\"heading.default\">\n\t\t\t\t<div class=\"elementor-widget-container\">\n\t\t\t\t\t<h2 class=\"elementor-heading-title elementor-size-default\">Radissonblu Mount Hotel Kayseri Erciyes projesi (\u0130nce i\u015fler yap\u0131m i\u015fi) - Erciyes \/ Kayseri, in\u015faat yap\u0131m\u0131.\nProje ba\u015flama tarihi: 30.06.2021 - Proje biti\u015f tarihi: 30.12.2021<\/h2>\t\t\t\t<\/div>\n\t\t\t\t<\/div>\n\t\t\t\t\t<\/div>\n\t\t<\/div>\n\t\t\t\t\t<\/div>\n\t\t<\/section>\n\t\t\t\t<section class=\"elementor-section elementor-top-section elementor-element elementor-element-f40fd73 elementor-section-boxed elementor-section-height-default elementor-section-height-default\" data-id=\"f40fd73\" data-element_type=\"section\">\n\t\t\t\t\t\t<div class=\"elementor-container elementor-column-gap-default\">\n\t\t\t\t\t<div class=\"elementor-column elementor-col-100 elementor-top-column elementor-element elementor-element-fe428c8\" data-id=\"fe428c8\" data-element_type=\"column\">\n\t\t\t<div class=\"elementor-widget-wrap elementor-element-populated\">\n\t\t\t\t\t\t<div class=\"elementor-element elementor-element-3bcfaa6 gallery-spacing-custom elementor-widget elementor-widget-image-gallery\" data-id=\"3bcfaa6\" data-element_type=\"widget\" data-widget_type=\"image-gallery.default\">\n\t\t\t\t<div class=\"elementor-widget-container\">\n\t\t\t\t\t\t\t<div class=\"elementor-image-gallery\">\n\t\t\t<div id='gallery-1' class='gallery galleryid-253 gallery-columns-3 gallery-size-full'><figure class='gallery-item'>\n\t\t\t<div class='gallery-icon landscape'>\n\t\t\t\t<a data-elementor-open-lightbox=\"yes\" data-elementor-lightbox-slideshow=\"3bcfaa6\" data-e-action-hash=\"#elementor-action%3Aaction%3Dlightbox%26settings%3DeyJpZCI6MTcyLCJ1cmwiOiJodHRwczpcL1wvZGUtY28uY29tLnRyXC93cC1jb250ZW50XC91cGxvYWRzXC8yMDI1XC8wNFwvNGY2NWFkN2UtNjg0MC00NjgxLTgzZGYtYTc0NzdiYjhkYTFlLmpwZyIsInNsaWRlc2hvdyI6IjNiY2ZhYTYifQ%3D%3D\" href='https:\/\/de-co.com.tr\/wp-content\/uploads\/2025\/04\/4f65ad7e-6840-4681-83df-a7477bb8da1e.jpg'><img fetchpriority=\"high\" decoding=\"async\" width=\"1276\" height=\"845\" src=\"https:\/\/de-co.com.tr\/wp-content\/uploads\/2025\/04\/4f65ad7e-6840-4681-83df-a7477bb8da1e.jpg\" class=\"attachment-full size-full\" alt=\"\" srcset=\"https:\/\/de-co.com.tr\/wp-content\/uploads\/2025\/04\/4f65ad7e-6840-4681-83df-a7477bb8da1e.jpg 1276w, https:\/\/de-co.com.tr\/wp-content\/uploads\/2025\/04\/4f65ad7e-6840-4681-83df-a7477bb8da1e-300x199.jpg 300w, https:\/\/de-co.com.tr\/wp-content\/uploads\/2025\/04\/4f65ad7e-6840-4681-83df-a7477bb8da1e-1024x678.jpg 1024w, https:\/\/de-co.com.tr\/wp-content\/uploads\/2025\/04\/4f65ad7e-6840-4681-83df-a7477bb8da1e-768x509.jpg 768w\" sizes=\"(max-width: 1276px) 100vw, 1276px\" \/><\/a>\n\t\t\t<\/div><\/figure><figure class='gallery-item'>\n\t\t\t<div class='gallery-icon landscape'>\n\t\t\t\t<a data-elementor-open-lightbox=\"yes\" data-elementor-lightbox-slideshow=\"3bcfaa6\" data-e-action-hash=\"#elementor-action%3Aaction%3Dlightbox%26settings%3DeyJpZCI6MTcxLCJ1cmwiOiJodHRwczpcL1wvZGUtY28uY29tLnRyXC93cC1jb250ZW50XC91cGxvYWRzXC8yMDI1XC8wNFwvM2FmNTk4MjUtOGQ3Yy00NDIzLTgzZTMtNjQ3MWVlZTM2ODY2LmpwZyIsInNsaWRlc2hvdyI6IjNiY2ZhYTYifQ%3D%3D\" href='https:\/\/de-co.com.tr\/wp-content\/uploads\/2025\/04\/3af59825-8d7c-4423-83e3-6471eee36866.jpg'><img decoding=\"async\" width=\"1600\" height=\"1061\" src=\"https:\/\/de-co.com.tr\/wp-content\/uploads\/2025\/04\/3af59825-8d7c-4423-83e3-6471eee36866.jpg\" class=\"attachment-full size-full\" alt=\"\" srcset=\"https:\/\/de-co.com.tr\/wp-content\/uploads\/2025\/04\/3af59825-8d7c-4423-83e3-6471eee36866.jpg 1600w, https:\/\/de-co.com.tr\/wp-content\/uploads\/2025\/04\/3af59825-8d7c-4423-83e3-6471eee36866-300x199.jpg 300w, https:\/\/de-co.com.tr\/wp-content\/uploads\/2025\/04\/3af59825-8d7c-4423-83e3-6471eee36866-1024x679.jpg 1024w, https:\/\/de-co.com.tr\/wp-content\/uploads\/2025\/04\/3af59825-8d7c-4423-83e3-6471eee36866-768x509.jpg 768w, https:\/\/de-co.com.tr\/wp-content\/uploads\/2025\/04\/3af59825-8d7c-4423-83e3-6471eee36866-1536x1019.jpg 1536w\" sizes=\"(max-width: 1600px) 100vw, 1600px\" \/><\/a>\n\t\t\t<\/div><\/figure><figure class='gallery-item'>\n\t\t\t<div class='gallery-icon landscape'>\n\t\t\t\t<a data-elementor-open-lightbox=\"yes\" data-elementor-lightbox-slideshow=\"3bcfaa6\" data-e-action-hash=\"#elementor-action%3Aaction%3Dlightbox%26settings%3DeyJpZCI6MTczLCJ1cmwiOiJodHRwczpcL1wvZGUtY28uY29tLnRyXC93cC1jb250ZW50XC91cGxvYWRzXC8yMDI1XC8wNFwvOTM2YTNhZDItZDc4YS00OGI1LThhZmUtNWY1ZTY2YTM4NDY5LmpwZyIsInNsaWRlc2hvdyI6IjNiY2ZhYTYifQ%3D%3D\" href='https:\/\/de-co.com.tr\/wp-content\/uploads\/2025\/04\/936a3ad2-d78a-48b5-8afe-5f5e66a38469.jpg'><img decoding=\"async\" width=\"1600\" height=\"1112\" src=\"https:\/\/de-co.com.tr\/wp-content\/uploads\/2025\/04\/936a3ad2-d78a-48b5-8afe-5f5e66a38469.jpg\" class=\"attachment-full size-full\" alt=\"\" srcset=\"https:\/\/de-co.com.tr\/wp-content\/uploads\/2025\/04\/936a3ad2-d78a-48b5-8afe-5f5e66a38469.jpg 1600w, https:\/\/de-co.com.tr\/wp-content\/uploads\/2025\/04\/936a3ad2-d78a-48b5-8afe-5f5e66a38469-300x209.jpg 300w, https:\/\/de-co.com.tr\/wp-content\/uploads\/2025\/04\/936a3ad2-d78a-48b5-8afe-5f5e66a38469-1024x712.jpg 1024w, https:\/\/de-co.com.tr\/wp-content\/uploads\/2025\/04\/936a3ad2-d78a-48b5-8afe-5f5e66a38469-768x534.jpg 768w, https:\/\/de-co.com.tr\/wp-content\/uploads\/2025\/04\/936a3ad2-d78a-48b5-8afe-5f5e66a38469-1536x1068.jpg 1536w\" sizes=\"(max-width: 1600px) 100vw, 1600px\" \/><\/a>\n\t\t\t<\/div><\/figure><figure class='gallery-item'>\n\t\t\t<div class='gallery-icon landscape'>\n\t\t\t\t<a data-elementor-open-lightbox=\"yes\" data-elementor-lightbox-slideshow=\"3bcfaa6\" data-e-action-hash=\"#elementor-action%3Aaction%3Dlightbox%26settings%3DeyJpZCI6MTc0LCJ1cmwiOiJodHRwczpcL1wvZGUtY28uY29tLnRyXC93cC1jb250ZW50XC91cGxvYWRzXC8yMDI1XC8wNFwvNTE2OGQyOWUtM2QyYS00ZWQxLWEwMTktYTAzODQ4ZmNiYjAxLmpwZyIsInNsaWRlc2hvdyI6IjNiY2ZhYTYifQ%3D%3D\" href='https:\/\/de-co.com.tr\/wp-content\/uploads\/2025\/04\/5168d29e-3d2a-4ed1-a019-a03848fcbb01.jpg'><img loading=\"lazy\" decoding=\"async\" width=\"1600\" height=\"1067\" src=\"https:\/\/de-co.com.tr\/wp-content\/uploads\/2025\/04\/5168d29e-3d2a-4ed1-a019-a03848fcbb01.jpg\" class=\"attachment-full size-full\" alt=\"\" srcset=\"https:\/\/de-co.com.tr\/wp-content\/uploads\/2025\/04\/5168d29e-3d2a-4ed1-a019-a03848fcbb01.jpg 1600w, https:\/\/de-co.com.tr\/wp-content\/uploads\/2025\/04\/5168d29e-3d2a-4ed1-a019-a03848fcbb01-300x200.jpg 300w, https:\/\/de-co.com.tr\/wp-content\/uploads\/2025\/04\/5168d29e-3d2a-4ed1-a019-a03848fcbb01-1024x683.jpg 1024w, https:\/\/de-co.com.tr\/wp-content\/uploads\/2025\/04\/5168d29e-3d2a-4ed1-a019-a03848fcbb01-768x512.jpg 768w, https:\/\/de-co.com.tr\/wp-content\/uploads\/2025\/04\/5168d29e-3d2a-4ed1-a019-a03848fcbb01-1536x1024.jpg 1536w\" sizes=\"(max-width: 1600px) 100vw, 1600px\" \/><\/a>\n\t\t\t<\/div><\/figure><figure class='gallery-item'>\n\t\t\t<div class='gallery-icon landscape'>\n\t\t\t\t<a data-elementor-open-lightbox=\"yes\" data-elementor-lightbox-slideshow=\"3bcfaa6\" data-e-action-hash=\"#elementor-action%3Aaction%3Dlightbox%26settings%3DeyJpZCI6MTc3LCJ1cmwiOiJodHRwczpcL1wvZGUtY28uY29tLnRyXC93cC1jb250ZW50XC91cGxvYWRzXC8yMDI1XC8wNFwvZjcxNWMzZTEtMDY0NC00MTBiLWFjM2EtYmYwZTAwZmE1MTc3LmpwZyIsInNsaWRlc2hvdyI6IjNiY2ZhYTYifQ%3D%3D\" href='https:\/\/de-co.com.tr\/wp-content\/uploads\/2025\/04\/f715c3e1-0644-410b-ac3a-bf0e00fa5177.jpg'><img loading=\"lazy\" decoding=\"async\" width=\"1600\" height=\"1135\" src=\"https:\/\/de-co.com.tr\/wp-content\/uploads\/2025\/04\/f715c3e1-0644-410b-ac3a-bf0e00fa5177.jpg\" class=\"attachment-full size-full\" alt=\"\" srcset=\"https:\/\/de-co.com.tr\/wp-content\/uploads\/2025\/04\/f715c3e1-0644-410b-ac3a-bf0e00fa5177.jpg 1600w, https:\/\/de-co.com.tr\/wp-content\/uploads\/2025\/04\/f715c3e1-0644-410b-ac3a-bf0e00fa5177-300x213.jpg 300w, https:\/\/de-co.com.tr\/wp-content\/uploads\/2025\/04\/f715c3e1-0644-410b-ac3a-bf0e00fa5177-1024x726.jpg 1024w, https:\/\/de-co.com.tr\/wp-content\/uploads\/2025\/04\/f715c3e1-0644-410b-ac3a-bf0e00fa5177-768x545.jpg 768w, https:\/\/de-co.com.tr\/wp-content\/uploads\/2025\/04\/f715c3e1-0644-410b-ac3a-bf0e00fa5177-1536x1090.jpg 1536w\" sizes=\"(max-width: 1600px) 100vw, 1600px\" \/><\/a>\n\t\t\t<\/div><\/figure><figure class='gallery-item'>\n\t\t\t<div class='gallery-icon landscape'>\n\t\t\t\t<a data-elementor-open-lightbox=\"yes\" data-elementor-lightbox-slideshow=\"3bcfaa6\" data-e-action-hash=\"#elementor-action%3Aaction%3Dlightbox%26settings%3DeyJpZCI6MTc1LCJ1cmwiOiJodHRwczpcL1wvZGUtY28uY29tLnRyXC93cC1jb250ZW50XC91cGxvYWRzXC8yMDI1XC8wNFwvMTUzMTUxZDMtYmMzMS00OTE5LWFmZDgtN2JhOGExZmRiNjcwLmpwZyIsInNsaWRlc2hvdyI6IjNiY2ZhYTYifQ%3D%3D\" href='https:\/\/de-co.com.tr\/wp-content\/uploads\/2025\/04\/153151d3-bc31-4919-afd8-7ba8a1fdb670.jpg'><img loading=\"lazy\" decoding=\"async\" width=\"1600\" height=\"1128\" src=\"https:\/\/de-co.com.tr\/wp-content\/uploads\/2025\/04\/153151d3-bc31-4919-afd8-7ba8a1fdb670.jpg\" class=\"attachment-full size-full\" alt=\"\" srcset=\"https:\/\/de-co.com.tr\/wp-content\/uploads\/2025\/04\/153151d3-bc31-4919-afd8-7ba8a1fdb670.jpg 1600w, https:\/\/de-co.com.tr\/wp-content\/uploads\/2025\/04\/153151d3-bc31-4919-afd8-7ba8a1fdb670-300x212.jpg 300w, https:\/\/de-co.com.tr\/wp-content\/uploads\/2025\/04\/153151d3-bc31-4919-afd8-7ba8a1fdb670-1024x722.jpg 1024w, https:\/\/de-co.com.tr\/wp-content\/uploads\/2025\/04\/153151d3-bc31-4919-afd8-7ba8a1fdb670-768x541.jpg 768w, https:\/\/de-co.com.tr\/wp-content\/uploads\/2025\/04\/153151d3-bc31-4919-afd8-7ba8a1fdb670-1536x1083.jpg 1536w\" sizes=\"(max-width: 1600px) 100vw, 1600px\" \/><\/a>\n\t\t\t<\/div><\/figure><figure class='gallery-item'>\n\t\t\t<div class='gallery-icon portrait'>\n\t\t\t\t<a data-elementor-open-lightbox=\"yes\" data-elementor-lightbox-slideshow=\"3bcfaa6\" data-e-action-hash=\"#elementor-action%3Aaction%3Dlightbox%26settings%3DeyJpZCI6MTc2LCJ1cmwiOiJodHRwczpcL1wvZGUtY28uY29tLnRyXC93cC1jb250ZW50XC91cGxvYWRzXC8yMDI1XC8wNFwvZWNiNTZiYjEtZjFkMi00MmNmLWI4ZGMtNTFlNjhkYWY1ZTJlLmpwZyIsInNsaWRlc2hvdyI6IjNiY2ZhYTYifQ%3D%3D\" href='https:\/\/de-co.com.tr\/wp-content\/uploads\/2025\/04\/ecb56bb1-f1d2-42cf-b8dc-51e68daf5e2e.jpg'><img loading=\"lazy\" decoding=\"async\" width=\"1200\" height=\"1600\" src=\"https:\/\/de-co.com.tr\/wp-content\/uploads\/2025\/04\/ecb56bb1-f1d2-42cf-b8dc-51e68daf5e2e.jpg\" class=\"attachment-full size-full\" alt=\"\" srcset=\"https:\/\/de-co.com.tr\/wp-content\/uploads\/2025\/04\/ecb56bb1-f1d2-42cf-b8dc-51e68daf5e2e.jpg 1200w, https:\/\/de-co.com.tr\/wp-content\/uploads\/2025\/04\/ecb56bb1-f1d2-42cf-b8dc-51e68daf5e2e-225x300.jpg 225w, https:\/\/de-co.com.tr\/wp-content\/uploads\/2025\/04\/ecb56bb1-f1d2-42cf-b8dc-51e68daf5e2e-768x1024.jpg 768w, https:\/\/de-co.com.tr\/wp-content\/uploads\/2025\/04\/ecb56bb1-f1d2-42cf-b8dc-51e68daf5e2e-1152x1536.jpg 1152w\" sizes=\"(max-width: 1200px) 100vw, 1200px\" \/><\/a>\n\t\t\t<\/div><\/figure>\n\t\t<\/div>\n\t\t<\/div>\n\t\t\t\t\t\t<\/div>\n\t\t\t\t<\/div>\n\t\t\t\t\t<\/div>\n\t\t<\/div>\n\t\t\t\t\t<\/div>\n\t\t<\/section>\n\t\t\t\t<\/div>\n\t\t","protected":false},"excerpt":{"rendered":"<p>Tamamlanan Projeler Ana Sayfa \u2192 RADISSONBLU MOUNT HOTEL Radissonblu Mount Hotel Kayseri Erciyes projesi (\u0130nce i\u015fler yap\u0131m i\u015fi) &#8211; Erciyes [&hellip;]<\/p>\n","protected":false},"author":1,"featured_media":0,"parent":0,"menu_order":0,"comment_status":"closed","ping_status":"closed","template":"elementor_header_footer","meta":{"site-sidebar-layout":"no-sidebar","site-content-layout":"","ast-site-content-layout":"full-width-container","site-content-style":"default","site-sidebar-style":"default","ast-global-header-display":"","ast-banner-title-visibility":"","ast-main-header-display":"","ast-hfb-above-header-display":"","ast-hfb-below-header-display":"","ast-hfb-mobile-header-display":"","site-post-title":"disabled","ast-breadcrumbs-content":"","ast-featured-img":"disabled","footer-sml-layout":"","theme-transparent-header-meta":"","adv-header-id-meta":"","stick-header-meta":"","header-above-stick-meta":"","header-main-stick-meta":"","header-below-stick-meta":"","astra-migrate-meta-layouts":"default","ast-page-background-enabled":"default","ast-page-background-meta":{"desktop":{"background-color":"var(--ast-global-color-5)","background-image":"","background-repeat":"repeat","background-position":"center center","background-size":"auto","background-attachment":"scroll","background-type":"","background-media":"","overlay-type":"","overlay-color":"","overlay-opacity":"","overlay-gradient":""},"tablet":{"background-color":"","background-image":"","background-repeat":"repeat","background-position":"center center","background-size":"auto","background-attachment":"scroll","background-type":"","background-media":"","overlay-type":"","overlay-color":"","overlay-opacity":"","overlay-gradient":""},"mobile":{"background-color":"","background-image":"","background-repeat":"repeat","background-position":"center center","background-size":"auto","background-attachment":"scroll","background-type":"","background-media":"","overlay-type":"","overlay-color":"","overlay-opacity":"","overlay-gradient":""}},"ast-content-background-meta":{"desktop":{"background-color":"var(--ast-global-color-4)","background-image":"","background-repeat":"repeat","background-position":"center center","background-size":"auto","background-attachment":"scroll","background-type":"","background-media":"","overlay-type":"","overlay-color":"","overlay-opacity":"","overlay-gradient":""},"tablet":{"background-color":"var(--ast-global-color-4)","background-image":"","background-repeat":"repeat","background-position":"center center","background-size":"auto","background-attachment":"scroll","background-type":"","background-media":"","overlay-type":"","overlay-color":"","overlay-opacity":"","overlay-gradient":""},"mobile":{"background-color":"var(--ast-global-color-4)","background-image":"","background-repeat":"repeat","background-position":"center center","background-size":"auto","background-attachment":"scroll","background-type":"","background-media":"","overlay-type":"","overlay-color":"","overlay-opacity":"","overlay-gradient":""}},"footnotes":""},"class_list":["post-253","page","type-page","status-publish","hentry"],"_links":{"self":[{"href":"https:\/\/de-co.com.tr\/index.php\/wp-json\/wp\/v2\/pages\/253","targetHints":{"allow":["GET"]}}],"collection":[{"href":"https:\/\/de-co.com.tr\/index.php\/wp-json\/wp\/v2\/pages"}],"about":[{"href":"https:\/\/de-co.com.tr\/index.php\/wp-json\/wp\/v2\/types\/page"}],"author":[{"embeddable":true,"href":"https:\/\/de-co.com.tr\/index.php\/wp-json\/wp\/v2\/users\/1"}],"replies":[{"embeddable":true,"href":"https:\/\/de-co.com.tr\/index.php\/wp-json\/wp\/v2\/comments?post=253"}],"version-history":[{"count":10,"href":"https:\/\/de-co.com.tr\/index.php\/wp-json\/wp\/v2\/pages\/253\/revisions"}],"predecessor-version":[{"id":392,"href":"https:\/\/de-co.com.tr\/index.php\/wp-json\/wp\/v2\/pages\/253\/revisions\/392"}],"wp:attachment":[{"href":"https:\/\/de-co.com.tr\/index.php\/wp-json\/wp\/v2\/media?parent=253"}],"curies":[{"name":"wp","href":"https:\/\/api.w.org\/{rel}","templated":true}]}}