{"id":156,"date":"2025-04-22T21:21:17","date_gmt":"2025-04-22T18:21:17","guid":{"rendered":"http:\/\/de-co.com.tr\/?page_id=156"},"modified":"2025-04-23T13:35:20","modified_gmt":"2025-04-23T10:35:20","slug":"izmir-ilinde-toplam-3-okul-ve-eklentileri-ikmal-yapimi","status":"publish","type":"page","link":"https:\/\/de-co.com.tr\/index.php\/izmir-ilinde-toplam-3-okul-ve-eklentileri-ikmal-yapimi\/","title":{"rendered":"\u0130ZM\u0130R \u0130L\u0130NDE TOPLAM 3 OKUL VE EKLENT\u0130LER\u0130 \u0130KMAL YAPIMI"},"content":{"rendered":"\t\t<div data-elementor-type=\"wp-page\" data-elementor-id=\"156\" class=\"elementor elementor-156\">\n\t\t\t\t\t\t<section class=\"elementor-section elementor-top-section elementor-element elementor-element-5f1344d elementor-section-boxed elementor-section-height-default elementor-section-height-default\" data-id=\"5f1344d\" data-element_type=\"section\" data-settings=\"{&quot;background_background&quot;:&quot;classic&quot;}\">\n\t\t\t\t\t\t<div class=\"elementor-container elementor-column-gap-default\">\n\t\t\t\t\t<div class=\"elementor-column elementor-col-100 elementor-top-column elementor-element elementor-element-96b3ed2\" data-id=\"96b3ed2\" data-element_type=\"column\">\n\t\t\t<div class=\"elementor-widget-wrap elementor-element-populated\">\n\t\t\t\t\t\t<div class=\"elementor-element elementor-element-9be1c6a elementor-widget elementor-widget-spacer\" data-id=\"9be1c6a\" data-element_type=\"widget\" data-widget_type=\"spacer.default\">\n\t\t\t\t<div class=\"elementor-widget-container\">\n\t\t\t\t\t\t\t<div class=\"elementor-spacer\">\n\t\t\t<div class=\"elementor-spacer-inner\"><\/div>\n\t\t<\/div>\n\t\t\t\t\t\t<\/div>\n\t\t\t\t<\/div>\n\t\t\t\t<div class=\"elementor-element elementor-element-d2890fb elementor-widget elementor-widget-heading\" data-id=\"d2890fb\" data-element_type=\"widget\" data-widget_type=\"heading.default\">\n\t\t\t\t<div class=\"elementor-widget-container\">\n\t\t\t\t\t<h2 class=\"elementor-heading-title elementor-size-default\">Devam Eden Projeler<\/h2>\t\t\t\t<\/div>\n\t\t\t\t<\/div>\n\t\t\t\t<div class=\"elementor-element elementor-element-8918038 elementor-widget elementor-widget-text-editor\" data-id=\"8918038\" data-element_type=\"widget\" data-widget_type=\"text-editor.default\">\n\t\t\t\t<div class=\"elementor-widget-container\">\n\t\t\t\t\t\t\t\t\t<p>Ana Sayfa \u2192 Devam Eden Projeler \u2192 \u0130zmir \u0130linde Toplam 3 Okul ve Eklentileri \u0130kmal Yap\u0131m\u0131<\/p>\t\t\t\t\t\t\t\t<\/div>\n\t\t\t\t<\/div>\n\t\t\t\t\t<\/div>\n\t\t<\/div>\n\t\t\t\t\t<\/div>\n\t\t<\/section>\n\t\t\t\t<section class=\"elementor-section elementor-top-section elementor-element elementor-element-827ee76 elementor-section-boxed elementor-section-height-default elementor-section-height-default\" data-id=\"827ee76\" data-element_type=\"section\">\n\t\t\t\t\t\t<div class=\"elementor-container elementor-column-gap-default\">\n\t\t\t\t\t<div class=\"elementor-column elementor-col-100 elementor-top-column elementor-element elementor-element-f6e8ddf\" data-id=\"f6e8ddf\" data-element_type=\"column\">\n\t\t\t<div class=\"elementor-widget-wrap elementor-element-populated\">\n\t\t\t\t\t\t<div class=\"elementor-element elementor-element-969da3c elementor-widget elementor-widget-heading\" data-id=\"969da3c\" data-element_type=\"widget\" data-widget_type=\"heading.default\">\n\t\t\t\t<div class=\"elementor-widget-container\">\n\t\t\t\t\t<h2 class=\"elementor-heading-title elementor-size-default\">\u0130zmir ilinde toplam 3 okul ve eklentileri ikmal yap\u0131m i\u015fi (Kaba i\u015fler ve ince i\u015fler yap\u0131m i\u015fi) - \u0130zmir, in\u015faat yap\u0131m\u0131. <br>\nProje ba\u015flama tarihi: 10.06.2024<\/h2>\t\t\t\t<\/div>\n\t\t\t\t<\/div>\n\t\t\t\t\t<\/div>\n\t\t<\/div>\n\t\t\t\t\t<\/div>\n\t\t<\/section>\n\t\t\t\t<section class=\"elementor-section elementor-top-section elementor-element elementor-element-e4913f6 elementor-section-boxed elementor-section-height-default elementor-section-height-default\" data-id=\"e4913f6\" data-element_type=\"section\">\n\t\t\t\t\t\t<div class=\"elementor-container elementor-column-gap-default\">\n\t\t\t\t\t<div class=\"elementor-column elementor-col-100 elementor-top-column elementor-element elementor-element-6a15ab3\" data-id=\"6a15ab3\" data-element_type=\"column\">\n\t\t\t<div class=\"elementor-widget-wrap elementor-element-populated\">\n\t\t\t\t\t\t<div class=\"elementor-element elementor-element-bcfd3e6 gallery-spacing-custom elementor-widget elementor-widget-image-gallery\" data-id=\"bcfd3e6\" data-element_type=\"widget\" data-widget_type=\"image-gallery.default\">\n\t\t\t\t<div class=\"elementor-widget-container\">\n\t\t\t\t\t\t\t<div class=\"elementor-image-gallery\">\n\t\t\t<div id='gallery-1' class='gallery galleryid-156 gallery-columns-3 gallery-size-full'><figure class='gallery-item'>\n\t\t\t<div class='gallery-icon landscape'>\n\t\t\t\t<a data-elementor-open-lightbox=\"yes\" data-elementor-lightbox-slideshow=\"bcfd3e6\" data-e-action-hash=\"#elementor-action%3Aaction%3Dlightbox%26settings%3DeyJpZCI6MTE3LCJ1cmwiOiJodHRwczpcL1wvZGUtY28uY29tLnRyXC93cC1jb250ZW50XC91cGxvYWRzXC8yMDI1XC8wNFwvMmU2MWQ1OGQtMTdjNS00YjgzLTg1NjctZjE3MjVmNjk1YjU5LXNjYWxlZC5qcGciLCJzbGlkZXNob3ciOiJiY2ZkM2U2In0%3D\" href='https:\/\/de-co.com.tr\/wp-content\/uploads\/2025\/04\/2e61d58d-17c5-4b83-8567-f1725f695b59-scaled.jpg'><img fetchpriority=\"high\" decoding=\"async\" width=\"2560\" height=\"1440\" src=\"https:\/\/de-co.com.tr\/wp-content\/uploads\/2025\/04\/2e61d58d-17c5-4b83-8567-f1725f695b59-scaled.jpg\" class=\"attachment-full size-full\" alt=\"\" srcset=\"https:\/\/de-co.com.tr\/wp-content\/uploads\/2025\/04\/2e61d58d-17c5-4b83-8567-f1725f695b59-scaled.jpg 2560w, https:\/\/de-co.com.tr\/wp-content\/uploads\/2025\/04\/2e61d58d-17c5-4b83-8567-f1725f695b59-300x169.jpg 300w, https:\/\/de-co.com.tr\/wp-content\/uploads\/2025\/04\/2e61d58d-17c5-4b83-8567-f1725f695b59-1024x576.jpg 1024w, https:\/\/de-co.com.tr\/wp-content\/uploads\/2025\/04\/2e61d58d-17c5-4b83-8567-f1725f695b59-768x432.jpg 768w, https:\/\/de-co.com.tr\/wp-content\/uploads\/2025\/04\/2e61d58d-17c5-4b83-8567-f1725f695b59-1536x864.jpg 1536w, https:\/\/de-co.com.tr\/wp-content\/uploads\/2025\/04\/2e61d58d-17c5-4b83-8567-f1725f695b59-2048x1152.jpg 2048w\" sizes=\"(max-width: 2560px) 100vw, 2560px\" \/><\/a>\n\t\t\t<\/div><\/figure><figure class='gallery-item'>\n\t\t\t<div class='gallery-icon landscape'>\n\t\t\t\t<a data-elementor-open-lightbox=\"yes\" data-elementor-lightbox-slideshow=\"bcfd3e6\" data-e-action-hash=\"#elementor-action%3Aaction%3Dlightbox%26settings%3DeyJpZCI6MTE4LCJ1cmwiOiJodHRwczpcL1wvZGUtY28uY29tLnRyXC93cC1jb250ZW50XC91cGxvYWRzXC8yMDI1XC8wNFwvMjBlMDM1OWEtYWVmMC00NjQ5LTk2NDEtMDNmNmZiMGRmNjhmLXNjYWxlZC5qcGciLCJzbGlkZXNob3ciOiJiY2ZkM2U2In0%3D\" href='https:\/\/de-co.com.tr\/wp-content\/uploads\/2025\/04\/20e0359a-aef0-4649-9641-03f6fb0df68f-scaled.jpg'><img decoding=\"async\" width=\"2560\" height=\"1440\" src=\"https:\/\/de-co.com.tr\/wp-content\/uploads\/2025\/04\/20e0359a-aef0-4649-9641-03f6fb0df68f-scaled.jpg\" class=\"attachment-full size-full\" alt=\"\" srcset=\"https:\/\/de-co.com.tr\/wp-content\/uploads\/2025\/04\/20e0359a-aef0-4649-9641-03f6fb0df68f-scaled.jpg 2560w, https:\/\/de-co.com.tr\/wp-content\/uploads\/2025\/04\/20e0359a-aef0-4649-9641-03f6fb0df68f-300x169.jpg 300w, https:\/\/de-co.com.tr\/wp-content\/uploads\/2025\/04\/20e0359a-aef0-4649-9641-03f6fb0df68f-1024x576.jpg 1024w, https:\/\/de-co.com.tr\/wp-content\/uploads\/2025\/04\/20e0359a-aef0-4649-9641-03f6fb0df68f-768x432.jpg 768w, https:\/\/de-co.com.tr\/wp-content\/uploads\/2025\/04\/20e0359a-aef0-4649-9641-03f6fb0df68f-1536x864.jpg 1536w, https:\/\/de-co.com.tr\/wp-content\/uploads\/2025\/04\/20e0359a-aef0-4649-9641-03f6fb0df68f-2048x1152.jpg 2048w\" sizes=\"(max-width: 2560px) 100vw, 2560px\" \/><\/a>\n\t\t\t<\/div><\/figure><figure class='gallery-item'>\n\t\t\t<div class='gallery-icon landscape'>\n\t\t\t\t<a data-elementor-open-lightbox=\"yes\" data-elementor-lightbox-slideshow=\"bcfd3e6\" data-e-action-hash=\"#elementor-action%3Aaction%3Dlightbox%26settings%3DeyJpZCI6MTE5LCJ1cmwiOiJodHRwczpcL1wvZGUtY28uY29tLnRyXC93cC1jb250ZW50XC91cGxvYWRzXC8yMDI1XC8wNFwvMzNlZGYxNWUtNGYzNy00OTk1LWIxZmMtYTU4ZTQwMzYwODE5LXNjYWxlZC5qcGciLCJzbGlkZXNob3ciOiJiY2ZkM2U2In0%3D\" href='https:\/\/de-co.com.tr\/wp-content\/uploads\/2025\/04\/33edf15e-4f37-4995-b1fc-a58e40360819-scaled.jpg'><img decoding=\"async\" width=\"2560\" height=\"1440\" src=\"https:\/\/de-co.com.tr\/wp-content\/uploads\/2025\/04\/33edf15e-4f37-4995-b1fc-a58e40360819-scaled.jpg\" class=\"attachment-full size-full\" alt=\"\" srcset=\"https:\/\/de-co.com.tr\/wp-content\/uploads\/2025\/04\/33edf15e-4f37-4995-b1fc-a58e40360819-scaled.jpg 2560w, https:\/\/de-co.com.tr\/wp-content\/uploads\/2025\/04\/33edf15e-4f37-4995-b1fc-a58e40360819-300x169.jpg 300w, https:\/\/de-co.com.tr\/wp-content\/uploads\/2025\/04\/33edf15e-4f37-4995-b1fc-a58e40360819-1024x576.jpg 1024w, https:\/\/de-co.com.tr\/wp-content\/uploads\/2025\/04\/33edf15e-4f37-4995-b1fc-a58e40360819-768x432.jpg 768w, https:\/\/de-co.com.tr\/wp-content\/uploads\/2025\/04\/33edf15e-4f37-4995-b1fc-a58e40360819-1536x864.jpg 1536w, https:\/\/de-co.com.tr\/wp-content\/uploads\/2025\/04\/33edf15e-4f37-4995-b1fc-a58e40360819-2048x1152.jpg 2048w\" sizes=\"(max-width: 2560px) 100vw, 2560px\" \/><\/a>\n\t\t\t<\/div><\/figure><figure class='gallery-item'>\n\t\t\t<div class='gallery-icon landscape'>\n\t\t\t\t<a data-elementor-open-lightbox=\"yes\" data-elementor-lightbox-slideshow=\"bcfd3e6\" data-e-action-hash=\"#elementor-action%3Aaction%3Dlightbox%26settings%3DeyJpZCI6MTIwLCJ1cmwiOiJodHRwczpcL1wvZGUtY28uY29tLnRyXC93cC1jb250ZW50XC91cGxvYWRzXC8yMDI1XC8wNFwvODI1ZDZlMTUtNTAzYS00MDFhLTllYzItZTZmOWMwNGYwNzM5LXNjYWxlZC5qcGciLCJzbGlkZXNob3ciOiJiY2ZkM2U2In0%3D\" href='https:\/\/de-co.com.tr\/wp-content\/uploads\/2025\/04\/825d6e15-503a-401a-9ec2-e6f9c04f0739-scaled.jpg'><img loading=\"lazy\" decoding=\"async\" width=\"2560\" height=\"1440\" src=\"https:\/\/de-co.com.tr\/wp-content\/uploads\/2025\/04\/825d6e15-503a-401a-9ec2-e6f9c04f0739-scaled.jpg\" class=\"attachment-full size-full\" alt=\"\" srcset=\"https:\/\/de-co.com.tr\/wp-content\/uploads\/2025\/04\/825d6e15-503a-401a-9ec2-e6f9c04f0739-scaled.jpg 2560w, https:\/\/de-co.com.tr\/wp-content\/uploads\/2025\/04\/825d6e15-503a-401a-9ec2-e6f9c04f0739-300x169.jpg 300w, https:\/\/de-co.com.tr\/wp-content\/uploads\/2025\/04\/825d6e15-503a-401a-9ec2-e6f9c04f0739-1024x576.jpg 1024w, https:\/\/de-co.com.tr\/wp-content\/uploads\/2025\/04\/825d6e15-503a-401a-9ec2-e6f9c04f0739-768x432.jpg 768w, https:\/\/de-co.com.tr\/wp-content\/uploads\/2025\/04\/825d6e15-503a-401a-9ec2-e6f9c04f0739-1536x864.jpg 1536w, https:\/\/de-co.com.tr\/wp-content\/uploads\/2025\/04\/825d6e15-503a-401a-9ec2-e6f9c04f0739-2048x1152.jpg 2048w\" sizes=\"(max-width: 2560px) 100vw, 2560px\" \/><\/a>\n\t\t\t<\/div><\/figure><figure class='gallery-item'>\n\t\t\t<div class='gallery-icon landscape'>\n\t\t\t\t<a data-elementor-open-lightbox=\"yes\" data-elementor-lightbox-slideshow=\"bcfd3e6\" data-e-action-hash=\"#elementor-action%3Aaction%3Dlightbox%26settings%3DeyJpZCI6MTIxLCJ1cmwiOiJodHRwczpcL1wvZGUtY28uY29tLnRyXC93cC1jb250ZW50XC91cGxvYWRzXC8yMDI1XC8wNFwvNTc3NDFiNzEtNjVmNy00MjE1LWEyMGYtZDU5MDYzYmI0YzkwLmpwZyIsInNsaWRlc2hvdyI6ImJjZmQzZTYifQ%3D%3D\" href='https:\/\/de-co.com.tr\/wp-content\/uploads\/2025\/04\/57741b71-65f7-4215-a20f-d59063bb4c90.jpg'><img loading=\"lazy\" decoding=\"async\" width=\"1599\" height=\"899\" src=\"https:\/\/de-co.com.tr\/wp-content\/uploads\/2025\/04\/57741b71-65f7-4215-a20f-d59063bb4c90.jpg\" class=\"attachment-full size-full\" alt=\"\" srcset=\"https:\/\/de-co.com.tr\/wp-content\/uploads\/2025\/04\/57741b71-65f7-4215-a20f-d59063bb4c90.jpg 1599w, https:\/\/de-co.com.tr\/wp-content\/uploads\/2025\/04\/57741b71-65f7-4215-a20f-d59063bb4c90-300x169.jpg 300w, https:\/\/de-co.com.tr\/wp-content\/uploads\/2025\/04\/57741b71-65f7-4215-a20f-d59063bb4c90-1024x576.jpg 1024w, https:\/\/de-co.com.tr\/wp-content\/uploads\/2025\/04\/57741b71-65f7-4215-a20f-d59063bb4c90-768x432.jpg 768w, https:\/\/de-co.com.tr\/wp-content\/uploads\/2025\/04\/57741b71-65f7-4215-a20f-d59063bb4c90-1536x864.jpg 1536w\" sizes=\"(max-width: 1599px) 100vw, 1599px\" \/><\/a>\n\t\t\t<\/div><\/figure><figure class='gallery-item'>\n\t\t\t<div class='gallery-icon landscape'>\n\t\t\t\t<a data-elementor-open-lightbox=\"yes\" data-elementor-lightbox-slideshow=\"bcfd3e6\" data-e-action-hash=\"#elementor-action%3Aaction%3Dlightbox%26settings%3DeyJpZCI6MTIyLCJ1cmwiOiJodHRwczpcL1wvZGUtY28uY29tLnRyXC93cC1jb250ZW50XC91cGxvYWRzXC8yMDI1XC8wNFwvYTJkMTkzOWUtZWU0MS00YjA2LTg2MDMtNTAyOTQwMDZiMWU4LXNjYWxlZC5qcGciLCJzbGlkZXNob3ciOiJiY2ZkM2U2In0%3D\" href='https:\/\/de-co.com.tr\/wp-content\/uploads\/2025\/04\/a2d1939e-ee41-4b06-8603-50294006b1e8-scaled.jpg'><img loading=\"lazy\" decoding=\"async\" width=\"2560\" height=\"1440\" src=\"https:\/\/de-co.com.tr\/wp-content\/uploads\/2025\/04\/a2d1939e-ee41-4b06-8603-50294006b1e8-scaled.jpg\" class=\"attachment-full size-full\" alt=\"\" srcset=\"https:\/\/de-co.com.tr\/wp-content\/uploads\/2025\/04\/a2d1939e-ee41-4b06-8603-50294006b1e8-scaled.jpg 2560w, https:\/\/de-co.com.tr\/wp-content\/uploads\/2025\/04\/a2d1939e-ee41-4b06-8603-50294006b1e8-300x169.jpg 300w, https:\/\/de-co.com.tr\/wp-content\/uploads\/2025\/04\/a2d1939e-ee41-4b06-8603-50294006b1e8-1024x576.jpg 1024w, https:\/\/de-co.com.tr\/wp-content\/uploads\/2025\/04\/a2d1939e-ee41-4b06-8603-50294006b1e8-768x432.jpg 768w, https:\/\/de-co.com.tr\/wp-content\/uploads\/2025\/04\/a2d1939e-ee41-4b06-8603-50294006b1e8-1536x864.jpg 1536w, https:\/\/de-co.com.tr\/wp-content\/uploads\/2025\/04\/a2d1939e-ee41-4b06-8603-50294006b1e8-2048x1152.jpg 2048w\" sizes=\"(max-width: 2560px) 100vw, 2560px\" \/><\/a>\n\t\t\t<\/div><\/figure>\n\t\t<\/div>\n\t\t<\/div>\n\t\t\t\t\t\t<\/div>\n\t\t\t\t<\/div>\n\t\t\t\t\t<\/div>\n\t\t<\/div>\n\t\t\t\t\t<\/div>\n\t\t<\/section>\n\t\t\t\t<\/div>\n\t\t","protected":false},"excerpt":{"rendered":"<p>Devam Eden Projeler Ana Sayfa \u2192 Devam Eden Projeler \u2192 \u0130zmir \u0130linde Toplam 3 Okul ve Eklentileri \u0130kmal Yap\u0131m\u0131 \u0130zmir [&hellip;]<\/p>\n","protected":false},"author":1,"featured_media":0,"parent":0,"menu_order":0,"comment_status":"closed","ping_status":"closed","template":"elementor_header_footer","meta":{"site-sidebar-layout":"no-sidebar","site-content-layout":"","ast-site-content-layout":"full-width-container","site-content-style":"default","site-sidebar-style":"default","ast-global-header-display":"","ast-banner-title-visibility":"","ast-main-header-display":"","ast-hfb-above-header-display":"","ast-hfb-below-header-display":"","ast-hfb-mobile-header-display":"","site-post-title":"disabled","ast-breadcrumbs-content":"","ast-featured-img":"disabled","footer-sml-layout":"","theme-transparent-header-meta":"","adv-header-id-meta":"","stick-header-meta":"","header-above-stick-meta":"","header-main-stick-meta":"","header-below-stick-meta":"","astra-migrate-meta-layouts":"default","ast-page-background-enabled":"default","ast-page-background-meta":{"desktop":{"background-color":"var(--ast-global-color-5)","background-image":"","background-repeat":"repeat","background-position":"center center","background-size":"auto","background-attachment":"scroll","background-type":"","background-media":"","overlay-type":"","overlay-color":"","overlay-opacity":"","overlay-gradient":""},"tablet":{"background-color":"","background-image":"","background-repeat":"repeat","background-position":"center center","background-size":"auto","background-attachment":"scroll","background-type":"","background-media":"","overlay-type":"","overlay-color":"","overlay-opacity":"","overlay-gradient":""},"mobile":{"background-color":"","background-image":"","background-repeat":"repeat","background-position":"center center","background-size":"auto","background-attachment":"scroll","background-type":"","background-media":"","overlay-type":"","overlay-color":"","overlay-opacity":"","overlay-gradient":""}},"ast-content-background-meta":{"desktop":{"background-color":"var(--ast-global-color-4)","background-image":"","background-repeat":"repeat","background-position":"center center","background-size":"auto","background-attachment":"scroll","background-type":"","background-media":"","overlay-type":"","overlay-color":"","overlay-opacity":"","overlay-gradient":""},"tablet":{"background-color":"var(--ast-global-color-4)","background-image":"","background-repeat":"repeat","background-position":"center center","background-size":"auto","background-attachment":"scroll","background-type":"","background-media":"","overlay-type":"","overlay-color":"","overlay-opacity":"","overlay-gradient":""},"mobile":{"background-color":"var(--ast-global-color-4)","background-image":"","background-repeat":"repeat","background-position":"center center","background-size":"auto","background-attachment":"scroll","background-type":"","background-media":"","overlay-type":"","overlay-color":"","overlay-opacity":"","overlay-gradient":""}},"footnotes":""},"class_list":["post-156","page","type-page","status-publish","hentry"],"_links":{"self":[{"href":"https:\/\/de-co.com.tr\/index.php\/wp-json\/wp\/v2\/pages\/156","targetHints":{"allow":["GET"]}}],"collection":[{"href":"https:\/\/de-co.com.tr\/index.php\/wp-json\/wp\/v2\/pages"}],"about":[{"href":"https:\/\/de-co.com.tr\/index.php\/wp-json\/wp\/v2\/types\/page"}],"author":[{"embeddable":true,"href":"https:\/\/de-co.com.tr\/index.php\/wp-json\/wp\/v2\/users\/1"}],"replies":[{"embeddable":true,"href":"https:\/\/de-co.com.tr\/index.php\/wp-json\/wp\/v2\/comments?post=156"}],"version-history":[{"count":7,"href":"https:\/\/de-co.com.tr\/index.php\/wp-json\/wp\/v2\/pages\/156\/revisions"}],"predecessor-version":[{"id":440,"href":"https:\/\/de-co.com.tr\/index.php\/wp-json\/wp\/v2\/pages\/156\/revisions\/440"}],"wp:attachment":[{"href":"https:\/\/de-co.com.tr\/index.php\/wp-json\/wp\/v2\/media?parent=156"}],"curies":[{"name":"wp","href":"https:\/\/api.w.org\/{rel}","templated":true}]}}